Last updated on 2025-02-16 09:50:46 CET.
Flavor | Version | Tinstall | Tcheck | Ttotal | Status | Flags |
---|---|---|---|---|---|---|
r-devel-linux-x86_64-debian-clang | 0.1.11 | 19.00 | 265.71 | 284.71 | NOTE | |
r-devel-linux-x86_64-debian-gcc | 0.1.11 | 12.94 | 195.04 | 207.98 | NOTE | |
r-devel-linux-x86_64-fedora-clang | 0.1.11 | 480.32 | OK | |||
r-devel-linux-x86_64-fedora-gcc | 0.1.11 | 467.14 | OK | |||
r-devel-macos-arm64 | 0.1.11 | 136.00 | OK | |||
r-devel-macos-x86_64 | 0.1.11 | 270.00 | OK | |||
r-devel-windows-x86_64 | 0.1.11 | 20.00 | 344.00 | 364.00 | NOTE | |
r-patched-linux-x86_64 | 0.1.11 | 22.04 | 256.51 | 278.55 | OK | |
r-release-linux-x86_64 | 0.1.11 | 17.87 | 256.44 | 274.31 | OK | |
r-release-macos-arm64 | 0.1.11 | 124.00 | OK | |||
r-release-macos-x86_64 | 0.1.11 | 176.00 | OK | |||
r-release-windows-x86_64 | 0.1.11 | 20.00 | 351.00 | 371.00 | OK | |
r-oldrel-macos-arm64 | 0.1.11 | 124.00 | OK | |||
r-oldrel-macos-x86_64 | 0.1.11 | 271.00 | OK | |||
r-oldrel-windows-x86_64 | 0.1.11 | 25.00 | 443.00 | 468.00 | OK |
Version: 0.1.11
Check: Rd cross-references
Result: NOTE
Found the following Rd file(s) with Rd \link{} targets missing package
anchors:
getViz.Rd: predict.gam
plot.gamViz.Rd: plot.gam
plot.mgamViz.Rd: mqgam
postSim.Rd: predict.gam, gaulss, vcov.gam
simulate.gam.Rd: predict.gam, gaulss
Please provide package anchors for all Rd \link{} targets not in the
package itself and the base packages.
Flavors: r-devel-linux-x86_64-debian-clang, r-devel-linux-x86_64-debian-gcc, r-devel-windows-x86_64