Last updated on 2025-02-16 09:50:46 CET.
Flavor | Version | Tinstall | Tcheck | Ttotal | Status | Flags |
---|---|---|---|---|---|---|
r-devel-linux-x86_64-debian-clang | 0.1.1 | 31.49 | 194.10 | 225.59 | NOTE | |
r-devel-linux-x86_64-debian-gcc | 0.1.1 | 24.36 | 184.93 | 209.29 | NOTE | |
r-devel-linux-x86_64-fedora-clang | 0.1.1 | 388.39 | NOTE | |||
r-devel-linux-x86_64-fedora-gcc | 0.1.1 | 444.24 | NOTE | |||
r-devel-macos-arm64 | 0.1.1 | 101.00 | NOTE | |||
r-devel-macos-x86_64 | 0.1.1 | 225.00 | NOTE | |||
r-devel-windows-x86_64 | 0.1.1 | 38.00 | 177.00 | 215.00 | NOTE | |
r-patched-linux-x86_64 | 0.1.1 | 34.37 | 250.25 | 284.62 | NOTE | |
r-release-linux-x86_64 | 0.1.1 | 29.09 | 245.48 | 274.57 | NOTE | |
r-release-macos-arm64 | 0.1.1 | 98.00 | NOTE | |||
r-release-macos-x86_64 | 0.1.1 | 146.00 | NOTE | |||
r-release-windows-x86_64 | 0.1.1 | 38.00 | 195.00 | 233.00 | NOTE | |
r-oldrel-macos-arm64 | 0.1.1 | 107.00 | NOTE | |||
r-oldrel-macos-x86_64 | 0.1.1 | 167.00 | NOTE | |||
r-oldrel-windows-x86_64 | 0.1.1 | 48.00 | 223.00 | 271.00 | NOTE |
Version: 0.1.1
Check: C++ specification
Result: NOTE
Specified C++11: please drop specification unless essential
Flavors: r-devel-linux-x86_64-debian-clang, r-devel-linux-x86_64-debian-gcc, r-devel-linux-x86_64-fedora-clang, r-devel-linux-x86_64-fedora-gcc, r-devel-macos-arm64, r-devel-macos-x86_64, r-devel-windows-x86_64, r-patched-linux-x86_64, r-release-linux-x86_64, r-release-macos-arm64, r-release-macos-x86_64, r-release-windows-x86_64, r-oldrel-macos-arm64, r-oldrel-macos-x86_64, r-oldrel-windows-x86_64
Version: 0.1.1
Check: installed package size
Result: NOTE
installed size is 7.3Mb
sub-directories of 1Mb or more:
doc 2.3Mb
help 2.0Mb
libs 2.6Mb
Flavors: r-release-macos-arm64, r-release-macos-x86_64, r-release-windows-x86_64, r-oldrel-macos-arm64, r-oldrel-macos-x86_64, r-oldrel-windows-x86_64