Last updated on 2025-05-10 09:50:36 CEST.
Flavor | Version | Tinstall | Tcheck | Ttotal | Status | Flags |
---|---|---|---|---|---|---|
r-devel-linux-x86_64-debian-clang | 0.1.6 | 5.46 | 89.48 | 94.94 | NOTE | |
r-devel-linux-x86_64-debian-gcc | 0.1.6 | 3.84 | 63.45 | 67.29 | NOTE | |
r-devel-linux-x86_64-fedora-clang | 0.1.6 | 150.89 | NOTE | |||
r-devel-linux-x86_64-fedora-gcc | 0.1.6 | 144.73 | NOTE | |||
r-devel-windows-x86_64 | 0.1.6 | 6.00 | 109.00 | 115.00 | NOTE | |
r-patched-linux-x86_64 | 0.1.6 | 5.58 | 84.15 | 89.73 | NOTE | |
r-release-linux-x86_64 | 0.1.6 | 5.46 | 83.01 | 88.47 | NOTE | |
r-release-macos-arm64 | 0.1.6 | 55.00 | NOTE | |||
r-release-macos-x86_64 | 0.1.6 | 108.00 | NOTE | |||
r-release-windows-x86_64 | 0.1.6 | 7.00 | 112.00 | 119.00 | NOTE | |
r-oldrel-macos-arm64 | 0.1.6 | 45.00 | OK | |||
r-oldrel-macos-x86_64 | 0.1.6 | 132.00 | OK | |||
r-oldrel-windows-x86_64 | 0.1.6 | 9.00 | 127.00 | 136.00 | OK |
Version: 0.1.6
Check: DESCRIPTION meta-information
Result: NOTE
Missing dependency on R >= 4.1.0 because package code uses the pipe
|> or function shorthand \(...) syntax added in R 4.1.0.
File(s) using such syntax:
‘build.R’
Flavors: r-devel-linux-x86_64-debian-clang, r-devel-linux-x86_64-debian-gcc, r-devel-linux-x86_64-fedora-clang, r-devel-linux-x86_64-fedora-gcc, r-devel-windows-x86_64, r-patched-linux-x86_64, r-release-linux-x86_64, r-release-macos-arm64, r-release-macos-x86_64, r-release-windows-x86_64