CRAN Package Check Results for Package metaheuristicOpt

Last updated on 2025-05-14 09:49:41 CEST.

Flavor Version Tinstall Tcheck Ttotal Status Flags
r-devel-linux-x86_64-debian-clang 2.0.0 4.87 52.20 57.07 OK
r-devel-linux-x86_64-debian-gcc 2.0.0 3.72 33.67 37.39 OK
r-devel-linux-x86_64-fedora-clang 2.0.0 94.25 OK
r-devel-linux-x86_64-fedora-gcc 2.0.0 85.93 OK
r-devel-windows-x86_64 2.0.0 5.00 63.00 68.00 OK
r-patched-linux-x86_64 2.0.0 4.75 47.92 52.67 OK
r-release-linux-x86_64 2.0.0 4.49 47.66 52.15 OK
r-release-macos-arm64 2.0.0 22.00 OK
r-release-macos-x86_64 2.0.0 45.00 OK
r-release-windows-x86_64 2.0.0 8.00 66.00 74.00 OK
r-oldrel-macos-arm64 2.0.0 23.00 NOTE
r-oldrel-macos-x86_64 2.0.0 37.00 NOTE
r-oldrel-windows-x86_64 2.0.0 6.00 60.00 66.00 NOTE

Check Details

Version: 2.0.0
Check: LazyData
Result: NOTE 'LazyData' is specified without a 'data' directory Flavors: r-oldrel-macos-arm64, r-oldrel-macos-x86_64, r-oldrel-windows-x86_64