Last updated on 2025-10-28 08:50:11 CET.
| Flavor | Version | Tinstall | Tcheck | Ttotal | Status | Flags | 
|---|---|---|---|---|---|---|
| r-devel-linux-x86_64-debian-clang | 0.1.3 | 18.71 | 24.29 | 43.00 | OK | |
| r-devel-linux-x86_64-debian-gcc | 0.1.3 | 14.41 | 19.83 | 34.24 | OK | |
| r-devel-linux-x86_64-fedora-clang | 0.1.3 | 51.00 | 24.89 | 75.89 | OK | |
| r-devel-linux-x86_64-fedora-gcc | 0.1.3 | 33.00 | 39.33 | 72.33 | OK | |
| r-devel-windows-x86_64 | 0.1.3 | 22.00 | 59.00 | 81.00 | OK | |
| r-patched-linux-x86_64 | 0.1.3 | 21.07 | 22.24 | 43.31 | OK | |
| r-release-linux-x86_64 | 0.1.3 | 20.49 | 22.00 | 42.49 | OK | |
| r-release-macos-arm64 | 0.1.3 | 11.00 | 22.00 | 33.00 | OK | |
| r-release-macos-x86_64 | 0.1.3 | 10.00 | 23.00 | 33.00 | OK | |
| r-release-windows-x86_64 | 0.1.3 | 25.00 | 55.00 | 80.00 | OK | |
| r-oldrel-macos-arm64 | 0.1.3 | 9.00 | 14.00 | 23.00 | NOTE | |
| r-oldrel-macos-x86_64 | 0.1.3 | 9.00 | 20.00 | 29.00 | NOTE | |
| r-oldrel-windows-x86_64 | 0.1.3 | 24.00 | 69.00 | 93.00 | NOTE | 
Version: 0.1.3
Check: LazyData
Result: NOTE
    'LazyData' is specified without a 'data' directory
Flavors: r-oldrel-macos-arm64, r-oldrel-macos-x86_64, r-oldrel-windows-x86_64