CRAN Package Check Results for Package mergeTrees

Last updated on 2025-02-19 09:50:55 CET.

Flavor Version Tinstall Tcheck Ttotal Status Flags
r-devel-linux-x86_64-debian-clang 0.1.3 18.59 21.18 39.77 OK
r-devel-linux-x86_64-debian-gcc 0.1.3 14.63 17.33 31.96 OK
r-devel-linux-x86_64-fedora-clang 0.1.3 76.24 OK
r-devel-linux-x86_64-fedora-gcc 0.1.3 79.22 OK
r-devel-macos-arm64 0.1.3 21.00 OK
r-devel-macos-x86_64 0.1.3 34.00 OK
r-devel-windows-x86_64 0.1.3 21.00 56.00 77.00 OK
r-patched-linux-x86_64 0.1.3 20.41 20.14 40.55 NOTE
r-release-linux-x86_64 0.1.3 21.11 20.69 41.80 NOTE
r-release-macos-arm64 0.1.3 23.00 NOTE
r-release-macos-x86_64 0.1.3 29.00 NOTE
r-release-windows-x86_64 0.1.3 21.00 60.00 81.00 NOTE
r-oldrel-macos-arm64 0.1.3 28.00 NOTE
r-oldrel-macos-x86_64 0.1.3 43.00 NOTE
r-oldrel-windows-x86_64 0.1.3 23.00 81.00 104.00 NOTE

Check Details

Version: 0.1.3
Check: LazyData
Result: NOTE 'LazyData' is specified without a 'data' directory Flavors: r-patched-linux-x86_64, r-release-linux-x86_64, r-release-macos-arm64, r-release-macos-x86_64, r-release-windows-x86_64, r-oldrel-macos-arm64, r-oldrel-macos-x86_64, r-oldrel-windows-x86_64