Last updated on 2025-02-16 09:50:46 CET.
Flavor | Version | Tinstall | Tcheck | Ttotal | Status | Flags |
---|---|---|---|---|---|---|
r-devel-linux-x86_64-debian-clang | 1.0.2 | 35.45 | 301.41 | 336.86 | NOTE | |
r-devel-linux-x86_64-debian-gcc | 1.0.2 | 22.93 | 192.57 | 215.50 | NOTE | |
r-devel-linux-x86_64-fedora-clang | 1.0.2 | 587.45 | NOTE | |||
r-devel-linux-x86_64-fedora-gcc | 1.0.2 | 510.78 | NOTE | |||
r-devel-macos-arm64 | 1.0.2 | 117.00 | NOTE | |||
r-devel-macos-x86_64 | 1.0.2 | 308.00 | NOTE | |||
r-devel-windows-x86_64 | 1.0.2 | 29.00 | 246.00 | 275.00 | NOTE | |
r-patched-linux-x86_64 | 1.0.2 | 35.22 | 280.62 | 315.84 | NOTE | |
r-release-linux-x86_64 | 1.0.2 | 32.49 | 280.13 | 312.62 | NOTE | |
r-release-macos-arm64 | 1.0.2 | 120.00 | NOTE | |||
r-release-macos-x86_64 | 1.0.2 | 320.00 | NOTE | |||
r-release-windows-x86_64 | 1.0.2 | 31.00 | 257.00 | 288.00 | NOTE | |
r-oldrel-macos-arm64 | 1.0.2 | 139.00 | OK | |||
r-oldrel-macos-x86_64 | 1.0.2 | 233.00 | OK | |||
r-oldrel-windows-x86_64 | 1.0.2 | 42.00 | 328.00 | 370.00 | OK |
Version: 1.0.2
Check: Rd files
Result: NOTE
checkRd: (-1) mgLandscape.Rd:79: Lost braces
79 | A code{$summary} table giving the results of the variation partitioning. The following table
| ^
Flavors: r-devel-linux-x86_64-debian-clang, r-devel-linux-x86_64-debian-gcc, r-devel-linux-x86_64-fedora-clang, r-devel-linux-x86_64-fedora-gcc, r-devel-macos-arm64, r-devel-macos-x86_64, r-devel-windows-x86_64, r-patched-linux-x86_64, r-release-linux-x86_64, r-release-macos-arm64, r-release-macos-x86_64, r-release-windows-x86_64
Version: 1.0.2
Check: Rd cross-references
Result: NOTE
Found the following Rd file(s) with Rd \link{} targets missing package
anchors:
mgLandscape.Rd: raster
mgMap.Rd: ade4
Please provide package anchors for all Rd \link{} targets not in the
package itself and the base packages.
Flavors: r-devel-linux-x86_64-debian-clang, r-devel-linux-x86_64-debian-gcc, r-devel-windows-x86_64