Last updated on 2025-02-19 09:50:55 CET.
Flavor | Version | Tinstall | Tcheck | Ttotal | Status | Flags |
---|---|---|---|---|---|---|
r-devel-linux-x86_64-debian-clang | 0.2-2 | 4.15 | 39.41 | 43.56 | OK | |
r-devel-linux-x86_64-debian-gcc | 0.2-2 | 3.54 | 28.96 | 32.50 | OK | |
r-devel-linux-x86_64-fedora-clang | 0.2-2 | 73.66 | NOTE | |||
r-devel-linux-x86_64-fedora-gcc | 0.2-2 | 87.32 | NOTE | |||
r-devel-macos-arm64 | 0.2-2 | 30.00 | OK | |||
r-devel-macos-x86_64 | 0.2-2 | 56.00 | OK | |||
r-devel-windows-x86_64 | 0.2-2 | 7.00 | 61.00 | 68.00 | OK | |
r-patched-linux-x86_64 | 0.2-2 | 4.22 | 37.25 | 41.47 | OK | |
r-release-linux-x86_64 | 0.2-2 | 4.40 | 37.13 | 41.53 | OK | |
r-release-macos-arm64 | 0.2-2 | 28.00 | OK | |||
r-release-macos-x86_64 | 0.2-2 | 45.00 | OK | |||
r-release-windows-x86_64 | 0.2-2 | 7.00 | 60.00 | 67.00 | OK | |
r-oldrel-macos-arm64 | 0.2-2 | 32.00 | OK | |||
r-oldrel-macos-x86_64 | 0.2-2 | 39.00 | OK | |||
r-oldrel-windows-x86_64 | 0.2-2 | 8.00 | 65.00 | 73.00 | OK |
Version: 0.2-2
Check: dependencies in R code
Result: NOTE
Namespace in Imports field not imported from: ‘dplyr’
All declared Imports should be used.
Flavors: r-devel-linux-x86_64-fedora-clang, r-devel-linux-x86_64-fedora-gcc