Last updated on 2025-02-16 09:50:46 CET.
Flavor | Version | Tinstall | Tcheck | Ttotal | Status | Flags |
---|---|---|---|---|---|---|
r-devel-linux-x86_64-debian-clang | 1.3 | 2.91 | 37.98 | 40.89 | NOTE | |
r-devel-linux-x86_64-debian-gcc | 1.3 | 2.80 | 29.44 | 32.24 | NOTE | |
r-devel-linux-x86_64-fedora-clang | 1.3 | 69.52 | OK | |||
r-devel-linux-x86_64-fedora-gcc | 1.3 | 97.67 | OK | |||
r-devel-macos-arm64 | 1.3 | 39.00 | OK | |||
r-devel-macos-x86_64 | 1.3 | 77.00 | OK | |||
r-devel-windows-x86_64 | 1.3 | 6.00 | 61.00 | 67.00 | NOTE | |
r-patched-linux-x86_64 | 1.3 | 8.00 | 35.89 | 43.89 | OK | |
r-release-linux-x86_64 | 1.3 | 3.64 | 36.30 | 39.94 | OK | |
r-release-macos-arm64 | 1.3 | 35.00 | OK | |||
r-release-macos-x86_64 | 1.3 | 54.00 | OK | |||
r-release-windows-x86_64 | 1.3 | 6.00 | 61.00 | 67.00 | OK | |
r-oldrel-macos-arm64 | 1.3 | 38.00 | OK | |||
r-oldrel-macos-x86_64 | 1.3 | 54.00 | OK | |||
r-oldrel-windows-x86_64 | 1.3 | 7.00 | 67.00 | 74.00 | OK |
Version: 1.3
Check: Rd cross-references
Result: NOTE
Found the following Rd file(s) with Rd \link{} targets missing package
anchors:
generate_comorbidity_df.Rd: ddply
melt_icd9list.Rd: ddply
Please provide package anchors for all Rd \link{} targets not in the
package itself and the base packages.
Flavors: r-devel-linux-x86_64-debian-clang, r-devel-linux-x86_64-debian-gcc, r-devel-windows-x86_64