Last updated on 2025-02-19 09:50:55 CET.
Flavor | Version | Tinstall | Tcheck | Ttotal | Status | Flags |
---|---|---|---|---|---|---|
r-devel-linux-x86_64-debian-clang | 0.2.8 | 36.96 | 68.63 | 105.59 | OK | |
r-devel-linux-x86_64-debian-gcc | 0.2.8 | 26.60 | 50.10 | 76.70 | OK | |
r-devel-linux-x86_64-fedora-clang | 0.2.8 | 168.99 | OK | |||
r-devel-linux-x86_64-fedora-gcc | 0.2.8 | 175.53 | OK | |||
r-devel-macos-arm64 | 0.2.8 | 61.00 | OK | |||
r-devel-macos-x86_64 | 0.2.8 | 114.00 | OK | |||
r-devel-windows-x86_64 | 0.2.8 | 38.00 | 94.00 | 132.00 | OK | |
r-patched-linux-x86_64 | 0.2.8 | 38.18 | 64.25 | 102.43 | OK | |
r-release-linux-x86_64 | 0.2.8 | 36.66 | 64.05 | 100.71 | OK | |
r-release-macos-arm64 | 0.2.8 | 68.00 | NOTE | |||
r-release-macos-x86_64 | 0.2.8 | 194.00 | NOTE | |||
r-release-windows-x86_64 | 0.2.8 | 38.00 | 94.00 | 132.00 | OK | |
r-oldrel-macos-arm64 | 0.2.8 | 79.00 | NOTE | |||
r-oldrel-macos-x86_64 | 0.2.8 | 106.00 | NOTE | |||
r-oldrel-windows-x86_64 | 0.2.8 | 51.00 | 107.00 | 158.00 | OK |
Version: 0.2.8
Check: installed package size
Result: NOTE
installed size is 5.4Mb
sub-directories of 1Mb or more:
data 5.1Mb
Flavors: r-release-macos-arm64, r-release-macos-x86_64, r-oldrel-macos-arm64, r-oldrel-macos-x86_64