Last updated on 2025-02-16 09:50:46 CET.
Flavor | Version | Tinstall | Tcheck | Ttotal | Status | Flags |
---|---|---|---|---|---|---|
r-devel-linux-x86_64-debian-clang | 6.1.1 | 39.42 | 220.24 | 259.66 | OK | |
r-devel-linux-x86_64-debian-gcc | 6.1.1 | 24.76 | 135.59 | 160.35 | OK | |
r-devel-linux-x86_64-fedora-clang | 6.1.1 | 450.88 | OK | |||
r-devel-linux-x86_64-fedora-gcc | 6.1.1 | 392.63 | OK | |||
r-devel-macos-arm64 | 6.1.1 | 97.00 | OK | |||
r-devel-macos-x86_64 | 6.1.1 | 203.00 | OK | |||
r-devel-windows-x86_64 | 6.1.1 | 42.00 | 251.00 | 293.00 | OK | |
r-patched-linux-x86_64 | 6.1.1 | 34.08 | 183.08 | 217.16 | OK | |
r-release-linux-x86_64 | 6.1.1 | 32.05 | 182.82 | 214.87 | OK | |
r-release-macos-arm64 | 6.1.1 | 72.00 | NOTE | |||
r-release-macos-x86_64 | 6.1.1 | 147.00 | NOTE | |||
r-release-windows-x86_64 | 6.1.1 | 39.00 | 256.00 | 295.00 | NOTE | |
r-oldrel-macos-arm64 | 6.1.1 | 133.00 | NOTE | |||
r-oldrel-macos-x86_64 | 6.1.1 | 353.00 | NOTE | |||
r-oldrel-windows-x86_64 | 6.1.1 | 45.00 | 299.00 | 344.00 | NOTE |
Version: 6.1.1
Check: installed package size
Result: NOTE
installed size is 5.6Mb
sub-directories of 1Mb or more:
doc 2.9Mb
Flavors: r-release-macos-arm64, r-release-macos-x86_64, r-release-windows-x86_64, r-oldrel-macos-arm64, r-oldrel-macos-x86_64, r-oldrel-windows-x86_64