CRAN Package Check Results for Package mccr

Last updated on 2025-02-20 09:50:55 CET.

Flavor Version Tinstall Tcheck Ttotal Status Flags
r-devel-linux-x86_64-debian-clang 0.4.4 1.48 16.75 18.23 OK
r-devel-linux-x86_64-debian-gcc 0.4.4 1.34 13.56 14.90 OK
r-devel-linux-x86_64-fedora-clang 0.4.4 28.26 OK
r-devel-linux-x86_64-fedora-gcc 0.4.4 28.44 OK
r-devel-macos-arm64 0.4.4 15.00 OK
r-devel-macos-x86_64 0.4.4 26.00 OK
r-devel-windows-x86_64 0.4.4 2.00 40.00 42.00 OK
r-patched-linux-x86_64 0.4.4 1.18 15.98 17.16 NOTE
r-release-linux-x86_64 0.4.4 1.56 15.80 17.36 NOTE
r-release-macos-arm64 0.4.4 14.00 NOTE
r-release-macos-x86_64 0.4.4 26.00 NOTE
r-release-windows-x86_64 0.4.4 3.00 39.00 42.00 NOTE
r-oldrel-macos-arm64 0.4.4 16.00 NOTE
r-oldrel-macos-x86_64 0.4.4 21.00 NOTE
r-oldrel-windows-x86_64 0.4.4 3.00 71.00 74.00 NOTE

Check Details

Version: 0.4.4
Check: LazyData
Result: NOTE 'LazyData' is specified without a 'data' directory Flavors: r-patched-linux-x86_64, r-release-linux-x86_64, r-release-macos-arm64, r-release-macos-x86_64, r-release-windows-x86_64, r-oldrel-macos-arm64, r-oldrel-macos-x86_64, r-oldrel-windows-x86_64