CRAN Package Check Results for Package maxmatching

Last updated on 2025-04-16 09:53:04 CEST.

Flavor Version Tinstall Tcheck Ttotal Status Flags
r-devel-linux-x86_64-debian-clang 0.1.0 3.55 27.56 31.11 OK
r-devel-linux-x86_64-debian-gcc 0.1.0 2.46 20.48 22.94 OK
r-devel-linux-x86_64-fedora-clang 0.1.0 48.86 OK
r-devel-linux-x86_64-fedora-gcc 0.1.0 49.61 OK
r-devel-windows-x86_64 0.1.0 5.00 46.00 51.00 OK
r-patched-linux-x86_64 0.1.0 3.35 26.30 29.65 OK
r-release-linux-x86_64 0.1.0 3.83 26.85 30.68 OK
r-release-macos-arm64 0.1.0 22.00 OK
r-release-macos-x86_64 0.1.0 33.00 OK
r-release-windows-x86_64 0.1.0 4.00 45.00 49.00 OK
r-oldrel-macos-arm64 0.1.0 19.00 NOTE
r-oldrel-macos-x86_64 0.1.0 26.00 NOTE
r-oldrel-windows-x86_64 0.1.0 6.00 49.00 55.00 NOTE

Check Details

Version: 0.1.0
Check: LazyData
Result: NOTE 'LazyData' is specified without a 'data' directory Flavors: r-oldrel-macos-arm64, r-oldrel-macos-x86_64, r-oldrel-windows-x86_64