Last updated on 2025-02-16 09:50:43 CET.
Flavor | Version | Tinstall | Tcheck | Ttotal | Status | Flags |
---|---|---|---|---|---|---|
r-devel-linux-x86_64-debian-clang | 0.1.0 | 14.75 | 116.66 | 131.41 | OK | |
r-devel-linux-x86_64-debian-gcc | 0.1.0 | 10.80 | 81.85 | 92.65 | OK | |
r-devel-linux-x86_64-fedora-clang | 0.1.0 | 202.74 | NOTE | |||
r-devel-linux-x86_64-fedora-gcc | 0.1.0 | 202.69 | NOTE | |||
r-devel-macos-arm64 | 0.1.0 | 64.00 | OK | |||
r-devel-macos-x86_64 | 0.1.0 | 125.00 | OK | |||
r-devel-windows-x86_64 | 0.1.0 | 14.00 | 128.00 | 142.00 | OK | |
r-patched-linux-x86_64 | 0.1.0 | 11.79 | 105.44 | 117.23 | OK | |
r-release-linux-x86_64 | 0.1.0 | 11.21 | 105.24 | 116.45 | OK | |
r-release-macos-arm64 | 0.1.0 | 59.00 | OK | |||
r-release-macos-x86_64 | 0.1.0 | 95.00 | OK | |||
r-release-windows-x86_64 | 0.1.0 | 14.00 | 119.00 | 133.00 | OK | |
r-oldrel-macos-arm64 | 0.1.0 | 66.00 | OK | |||
r-oldrel-macos-x86_64 | 0.1.0 | 127.00 | OK | |||
r-oldrel-windows-x86_64 | 0.1.0 | 18.00 | 146.00 | 164.00 | OK |
Version: 0.1.0
Check: dependencies in R code
Result: NOTE
Namespace in Imports field not imported from: ‘formatR’
All declared Imports should be used.
Flavors: r-devel-linux-x86_64-fedora-clang, r-devel-linux-x86_64-fedora-gcc