Last updated on 2025-02-16 09:50:43 CET.
Flavor | Version | Tinstall | Tcheck | Ttotal | Status | Flags |
---|---|---|---|---|---|---|
r-devel-linux-x86_64-debian-clang | 0.3.2 | 20.75 | 46.31 | 67.06 | NOTE | |
r-devel-linux-x86_64-debian-gcc | 0.3.2 | 14.11 | 35.91 | 50.02 | NOTE | |
r-devel-linux-x86_64-fedora-clang | 0.3.2 | 122.08 | OK | |||
r-devel-linux-x86_64-fedora-gcc | 0.3.2 | 129.83 | OK | |||
r-devel-macos-arm64 | 0.3.2 | 40.00 | OK | |||
r-devel-macos-x86_64 | 0.3.2 | 91.00 | OK | |||
r-devel-windows-x86_64 | 0.3.2 | 24.00 | 79.00 | 103.00 | NOTE | |
r-patched-linux-x86_64 | 0.3.2 | 24.61 | 45.08 | 69.69 | OK | |
r-release-linux-x86_64 | 0.3.2 | 17.72 | 44.25 | 61.97 | OK | |
r-release-macos-arm64 | 0.3.2 | 37.00 | OK | |||
r-release-macos-x86_64 | 0.3.2 | 51.00 | OK | |||
r-release-windows-x86_64 | 0.3.2 | 25.00 | 81.00 | 106.00 | OK | |
r-oldrel-macos-arm64 | 0.3.2 | 40.00 | OK | |||
r-oldrel-macos-x86_64 | 0.3.2 | 64.00 | OK | |||
r-oldrel-windows-x86_64 | 0.3.2 | 31.00 | 88.00 | 119.00 | OK |
Version: 0.3.2
Check: Rd cross-references
Result: NOTE
Found the following Rd file(s) with Rd \link{} targets missing package
anchors:
kNearNeighbors.Rd: knn.dist
Please provide package anchors for all Rd \link{} targets not in the
package itself and the base packages.
Flavors: r-devel-linux-x86_64-debian-clang, r-devel-linux-x86_64-debian-gcc, r-devel-windows-x86_64