CRAN Package Check Results for Package matchmaker

Last updated on 2025-07-04 09:49:55 CEST.

Flavor Version Tinstall Tcheck Ttotal Status Flags
r-devel-linux-x86_64-debian-clang 0.1.1 2.63 36.22 38.85 OK
r-devel-linux-x86_64-debian-gcc 0.1.1 2.13 28.70 30.83 OK
r-devel-linux-x86_64-fedora-clang 0.1.1 59.85 OK
r-devel-linux-x86_64-fedora-gcc 0.1.1 71.33 OK
r-devel-windows-x86_64 0.1.1 4.00 53.00 57.00 OK
r-patched-linux-x86_64 0.1.1 2.69 33.30 35.99 OK
r-release-linux-x86_64 0.1.1 2.89 33.20 36.09 OK
r-release-macos-arm64 0.1.1 66.00 OK
r-release-macos-x86_64 0.1.1 47.00 OK
r-release-windows-x86_64 0.1.1 4.00 54.00 58.00 OK
r-oldrel-macos-arm64 0.1.1 29.00 NOTE
r-oldrel-macos-x86_64 0.1.1 44.00 NOTE
r-oldrel-windows-x86_64 0.1.1 5.00 64.00 69.00 NOTE

Check Details

Version: 0.1.1
Check: LazyData
Result: NOTE 'LazyData' is specified without a 'data' directory Flavors: r-oldrel-macos-arm64, r-oldrel-macos-x86_64, r-oldrel-windows-x86_64