Last updated on 2025-02-19 09:50:53 CET.
Flavor | Version | Tinstall | Tcheck | Ttotal | Status | Flags |
---|---|---|---|---|---|---|
r-devel-linux-x86_64-debian-clang | 0.1.3 | 3.93 | 38.71 | 42.64 | OK | |
r-devel-linux-x86_64-debian-gcc | 0.1.3 | 2.92 | 28.50 | 31.42 | OK | |
r-devel-linux-x86_64-fedora-clang | 0.1.3 | 67.50 | OK | |||
r-devel-linux-x86_64-fedora-gcc | 0.1.3 | 85.97 | OK | |||
r-devel-macos-arm64 | 0.1.3 | 32.00 | OK | |||
r-devel-macos-x86_64 | 0.1.3 | 59.00 | OK | |||
r-devel-windows-x86_64 | 0.1.3 | 5.00 | 59.00 | 64.00 | OK | |
r-patched-linux-x86_64 | 0.1.3 | 4.20 | 36.85 | 41.05 | NOTE | |
r-release-linux-x86_64 | 0.1.3 | 3.69 | 36.22 | 39.91 | NOTE | |
r-release-macos-arm64 | 0.1.3 | 29.00 | NOTE | |||
r-release-macos-x86_64 | 0.1.3 | 44.00 | NOTE | |||
r-release-windows-x86_64 | 0.1.3 | 6.00 | 67.00 | 73.00 | NOTE | |
r-oldrel-macos-arm64 | 0.1.3 | 31.00 | NOTE | |||
r-oldrel-macos-x86_64 | 0.1.3 | 45.00 | NOTE | |||
r-oldrel-windows-x86_64 | 0.1.3 | 7.00 | 64.00 | 71.00 | NOTE |
Version: 0.1.3
Check: LazyData
Result: NOTE
'LazyData' is specified without a 'data' directory
Flavors: r-patched-linux-x86_64, r-release-linux-x86_64, r-release-macos-arm64, r-release-macos-x86_64, r-release-windows-x86_64, r-oldrel-macos-arm64, r-oldrel-macos-x86_64, r-oldrel-windows-x86_64