Last updated on 2025-02-16 09:50:43 CET.
Flavor | Version | Tinstall | Tcheck | Ttotal | Status | Flags |
---|---|---|---|---|---|---|
r-devel-linux-x86_64-debian-clang | 0.1.1 | 45.11 | 82.96 | 128.07 | NOTE | |
r-devel-linux-x86_64-debian-gcc | 0.1.1 | 35.47 | 65.09 | 100.56 | NOTE | |
r-devel-linux-x86_64-fedora-clang | 0.1.1 | 210.27 | NOTE | |||
r-devel-linux-x86_64-fedora-gcc | 0.1.1 | 227.67 | NOTE | |||
r-devel-macos-arm64 | 0.1.1 | 65.00 | NOTE | |||
r-devel-macos-x86_64 | 0.1.1 | 148.00 | NOTE | |||
r-devel-windows-x86_64 | 0.1.1 | 48.00 | 113.00 | 161.00 | NOTE | |
r-patched-linux-x86_64 | 0.1.1 | 52.29 | 74.78 | 127.07 | NOTE | |
r-release-linux-x86_64 | 0.1.1 | 49.84 | 75.21 | 125.05 | NOTE | |
r-release-macos-arm64 | 0.1.1 | 66.00 | NOTE | |||
r-release-macos-x86_64 | 0.1.1 | 104.00 | NOTE | |||
r-release-windows-x86_64 | 0.1.1 | 48.00 | 127.00 | 175.00 | NOTE | |
r-oldrel-macos-arm64 | 0.1.1 | 72.00 | NOTE | |||
r-oldrel-macos-x86_64 | 0.1.1 | 123.00 | NOTE | |||
r-oldrel-windows-x86_64 | 0.1.1 | 61.00 | 141.00 | 202.00 | NOTE |
Version: 0.1.1
Check: C++ specification
Result: NOTE
Specified C++11: please drop specification unless essential
Flavors: r-devel-linux-x86_64-debian-clang, r-devel-linux-x86_64-debian-gcc, r-devel-linux-x86_64-fedora-clang, r-devel-linux-x86_64-fedora-gcc, r-devel-macos-arm64, r-devel-macos-x86_64, r-devel-windows-x86_64, r-patched-linux-x86_64, r-release-linux-x86_64, r-release-macos-arm64, r-release-macos-x86_64, r-release-windows-x86_64, r-oldrel-macos-arm64, r-oldrel-macos-x86_64, r-oldrel-windows-x86_64
Version: 0.1.1
Check: installed package size
Result: NOTE
installed size is 18.2Mb
sub-directories of 1Mb or more:
examples 2.7Mb
libs 14.2Mb
Flavors: r-release-macos-arm64, r-release-macos-x86_64, r-release-windows-x86_64, r-oldrel-macos-arm64, r-oldrel-macos-x86_64, r-oldrel-windows-x86_64