Last updated on 2025-02-19 09:50:53 CET.
Flavor | Version | Tinstall | Tcheck | Ttotal | Status | Flags |
---|---|---|---|---|---|---|
r-devel-linux-x86_64-debian-clang | 3.1 | 14.32 | 111.09 | 125.41 | NOTE | |
r-devel-linux-x86_64-debian-gcc | 3.1 | 9.29 | 81.59 | 90.88 | NOTE | |
r-devel-linux-x86_64-fedora-clang | 3.1 | 194.45 | OK | |||
r-devel-linux-x86_64-fedora-gcc | 3.1 | 188.59 | OK | |||
r-devel-macos-arm64 | 3.1 | 54.00 | OK | |||
r-devel-macos-x86_64 | 3.1 | 96.00 | OK | |||
r-devel-windows-x86_64 | 3.1 | 13.00 | 114.00 | 127.00 | NOTE | |
r-patched-linux-x86_64 | 3.1 | 21.30 | 101.03 | 122.33 | OK | |
r-release-linux-x86_64 | 3.1 | 11.95 | 100.60 | 112.55 | OK | |
r-release-macos-arm64 | 3.1 | 48.00 | OK | |||
r-release-macos-x86_64 | 3.1 | 105.00 | OK | |||
r-release-windows-x86_64 | 3.1 | 13.00 | 112.00 | 125.00 | OK | |
r-oldrel-macos-arm64 | 3.1 | 54.00 | OK | |||
r-oldrel-macos-x86_64 | 3.1 | 151.00 | OK | |||
r-oldrel-windows-x86_64 | 3.1 | 18.00 | 141.00 | 159.00 | OK |
Version: 3.1
Check: Rd cross-references
Result: NOTE
Found the following Rd file(s) with Rd \link{} targets missing package
anchors:
mapStats.Rd: spplot
Please provide package anchors for all Rd \link{} targets not in the
package itself and the base packages.
Flavors: r-devel-linux-x86_64-debian-clang, r-devel-linux-x86_64-debian-gcc, r-devel-windows-x86_64