Last updated on 2025-02-16 09:50:43 CET.
Flavor | Version | Tinstall | Tcheck | Ttotal | Status | Flags |
---|---|---|---|---|---|---|
r-devel-linux-x86_64-debian-clang | 0.2.5 | 85.42 | 84.34 | 169.76 | NOTE | |
r-devel-linux-x86_64-debian-gcc | 0.2.5 | 61.70 | 64.76 | 126.46 | NOTE | |
r-devel-linux-x86_64-fedora-clang | 0.2.5 | 319.38 | NOTE | |||
r-devel-linux-x86_64-fedora-gcc | 0.2.5 | 315.49 | NOTE | |||
r-devel-macos-arm64 | 0.2.5 | 68.00 | NOTE | |||
r-devel-macos-x86_64 | 0.2.5 | 170.00 | NOTE | |||
r-devel-windows-x86_64 | 0.2.5 | 91.00 | 134.00 | 225.00 | NOTE | |
r-patched-linux-x86_64 | 0.2.5 | 82.57 | 80.19 | 162.76 | NOTE | |
r-release-linux-x86_64 | 0.2.5 | 84.84 | 80.54 | 165.38 | NOTE | |
r-release-macos-arm64 | 0.2.5 | 73.00 | NOTE | |||
r-release-macos-x86_64 | 0.2.5 | 104.00 | NOTE | |||
r-release-windows-x86_64 | 0.2.5 | 92.00 | 136.00 | 228.00 | NOTE | |
r-oldrel-macos-arm64 | 0.2.5 | 83.00 | NOTE | |||
r-oldrel-macos-x86_64 | 0.2.5 | 147.00 | NOTE | |||
r-oldrel-windows-x86_64 | 0.2.5 | 108.00 | 171.00 | 279.00 | OK |
Version: 0.2.5
Check: Rd files
Result: NOTE
checkRd: (-1) shortestpath.Rd:19: Lost braces; missing escapes or markup?
19 | \eqn{0} means there exists no path for node \eqn{i} and {j}.
| ^
Flavors: r-devel-linux-x86_64-debian-clang, r-devel-linux-x86_64-debian-gcc, r-devel-linux-x86_64-fedora-clang, r-devel-linux-x86_64-fedora-gcc, r-devel-macos-arm64, r-devel-macos-x86_64, r-devel-windows-x86_64, r-patched-linux-x86_64, r-release-linux-x86_64, r-release-macos-arm64, r-release-macos-x86_64, r-release-windows-x86_64
Version: 0.2.5
Check: installed package size
Result: NOTE
installed size is 5.9Mb
sub-directories of 1Mb or more:
libs 5.6Mb
Flavors: r-release-macos-arm64, r-release-macos-x86_64, r-oldrel-macos-arm64, r-oldrel-macos-x86_64