Last updated on 2025-10-27 08:49:58 CET.
| Flavor | Version | Tinstall | Tcheck | Ttotal | Status | Flags |
|---|---|---|---|---|---|---|
| r-devel-linux-x86_64-debian-clang | 2.0 | 18.31 | 291.62 | 309.93 | OK | |
| r-devel-linux-x86_64-debian-gcc | 2.0 | 12.97 | 200.34 | 213.31 | OK | |
| r-devel-linux-x86_64-fedora-clang | 2.0 | 38.00 | 458.74 | 496.74 | OK | |
| r-devel-linux-x86_64-fedora-gcc | 2.0 | 37.00 | 452.11 | 489.11 | OK | |
| r-devel-windows-x86_64 | 2.0 | 19.00 | 280.00 | 299.00 | OK | |
| r-patched-linux-x86_64 | 2.0 | 18.14 | 273.26 | 291.40 | OK | |
| r-release-linux-x86_64 | 2.0 | 16.82 | 269.01 | 285.83 | OK | |
| r-release-macos-arm64 | 2.0 | 7.00 | 120.00 | 127.00 | OK | |
| r-release-macos-x86_64 | 2.0 | 14.00 | 252.00 | 266.00 | OK | |
| r-release-windows-x86_64 | 2.0 | 19.00 | 285.00 | 304.00 | OK | |
| r-oldrel-macos-arm64 | 2.0 | 7.00 | 103.00 | 110.00 | NOTE | |
| r-oldrel-macos-x86_64 | 2.0 | 11.00 | 171.00 | 182.00 | NOTE | |
| r-oldrel-windows-x86_64 | 2.0 | 27.00 | 368.00 | 395.00 | NOTE |
Version: 2.0
Check: installed package size
Result: NOTE
installed size is 7.3Mb
sub-directories of 1Mb or more:
doc 6.9Mb
Flavors: r-oldrel-macos-arm64, r-oldrel-macos-x86_64, r-oldrel-windows-x86_64