CRAN Package Check Results for Package makepipe

Last updated on 2025-02-16 09:50:43 CET.

Flavor Version Tinstall Tcheck Ttotal Status Flags
r-devel-linux-x86_64-debian-clang 0.2.2 6.41 44.64 51.05 OK
r-devel-linux-x86_64-debian-gcc 0.2.2 4.26 33.04 37.30 OK
r-devel-linux-x86_64-fedora-clang 0.2.2 87.37 NOTE
r-devel-linux-x86_64-fedora-gcc 0.2.2 92.24 NOTE
r-devel-macos-arm64 0.2.2 32.00 OK
r-devel-macos-x86_64 0.2.2 78.00 OK
r-devel-windows-x86_64 0.2.2 9.00 70.00 79.00 OK
r-patched-linux-x86_64 0.2.2 7.01 42.33 49.34 OK
r-release-linux-x86_64 0.2.2 5.67 42.49 48.16 OK
r-release-macos-arm64 0.2.2 44.00 OK
r-release-macos-x86_64 0.2.2 71.00 OK
r-release-windows-x86_64 0.2.2 10.00 74.00 84.00 OK
r-oldrel-macos-arm64 0.2.2 41.00 OK
r-oldrel-macos-x86_64 0.2.2 77.00 OK
r-oldrel-windows-x86_64 0.2.2 10.00 96.00 106.00 OK

Check Details

Version: 0.2.2
Check: dependencies in R code
Result: NOTE Namespaces in Imports field not imported from: ‘cli’ ‘nomnoml’ All declared Imports should be used. Flavors: r-devel-linux-x86_64-fedora-clang, r-devel-linux-x86_64-fedora-gcc