CRAN Package Check Results for Package madr

Last updated on 2025-02-16 09:50:43 CET.

Flavor Version Tinstall Tcheck Ttotal Status Flags
r-devel-linux-x86_64-debian-clang 1.0.0 1.84 20.37 22.21 OK
r-devel-linux-x86_64-debian-gcc 1.0.0 1.44 15.48 16.92 OK
r-devel-linux-x86_64-fedora-clang 1.0.0 38.53 OK
r-devel-linux-x86_64-fedora-gcc 1.0.0 34.86 OK
r-devel-macos-arm64 1.0.0 16.00 OK
r-devel-macos-x86_64 1.0.0 23.00 OK
r-devel-windows-x86_64 1.0.0 4.00 51.00 55.00 OK
r-patched-linux-x86_64 1.0.0 1.74 19.19 20.93 NOTE
r-release-linux-x86_64 1.0.0 1.88 19.52 21.40 NOTE
r-release-macos-arm64 1.0.0 15.00 NOTE
r-release-macos-x86_64 1.0.0 22.00 NOTE
r-release-windows-x86_64 1.0.0 3.00 40.00 43.00 NOTE
r-oldrel-macos-arm64 1.0.0 16.00 NOTE
r-oldrel-macos-x86_64 1.0.0 23.00 NOTE
r-oldrel-windows-x86_64 1.0.0 3.00 40.00 43.00 NOTE

Check Details

Version: 1.0.0
Check: LazyData
Result: NOTE 'LazyData' is specified without a 'data' directory Flavors: r-patched-linux-x86_64, r-release-linux-x86_64, r-release-macos-arm64, r-release-macos-x86_64, r-release-windows-x86_64, r-oldrel-macos-arm64, r-oldrel-macos-x86_64, r-oldrel-windows-x86_64