CRAN Package Check Results for Package macrocol

Last updated on 2025-04-16 09:53:03 CEST.

Flavor Version Tinstall Tcheck Ttotal Status Flags
r-devel-linux-x86_64-debian-clang 0.1.0 1.64 17.94 19.58 OK
r-devel-linux-x86_64-debian-gcc 0.1.0 1.54 14.20 15.74 OK
r-devel-linux-x86_64-fedora-clang 0.1.0 31.46 NOTE
r-devel-linux-x86_64-fedora-gcc 0.1.0 29.36 NOTE
r-devel-windows-x86_64 0.1.0 3.00 40.00 43.00 OK
r-patched-linux-x86_64 0.1.0 1.58 18.07 19.65 OK
r-release-linux-x86_64 0.1.0 1.54 17.78 19.32 OK
r-release-macos-arm64 0.1.0 17.00 OK
r-release-macos-x86_64 0.1.0 23.00 OK
r-release-windows-x86_64 0.1.0 4.00 40.00 44.00 OK
r-oldrel-macos-arm64 0.1.0 15.00 OK
r-oldrel-macos-x86_64 0.1.0 20.00 OK
r-oldrel-windows-x86_64 0.1.0 4.00 43.00 47.00 OK

Check Details

Version: 0.1.0
Check: dependencies in R code
Result: NOTE Namespace in Imports field not imported from: ‘R.utils’ All declared Imports should be used. Flavors: r-devel-linux-x86_64-fedora-clang, r-devel-linux-x86_64-fedora-gcc