Last updated on 2025-02-16 09:50:43 CET.
Flavor | Version | Tinstall | Tcheck | Ttotal | Status | Flags |
---|---|---|---|---|---|---|
r-devel-linux-x86_64-debian-clang | 0.3.2 | 17.83 | 72.37 | 90.20 | OK | |
r-devel-linux-x86_64-debian-gcc | 0.3.2 | 15.44 | 53.15 | 68.59 | OK | |
r-devel-linux-x86_64-fedora-clang | 0.3.2 | 154.64 | OK | |||
r-devel-linux-x86_64-fedora-gcc | 0.3.2 | 145.40 | OK | |||
r-devel-macos-arm64 | 0.3.2 | 53.00 | OK | |||
r-devel-macos-x86_64 | 0.3.2 | 100.00 | OK | |||
r-devel-windows-x86_64 | 0.3.2 | 23.00 | 118.00 | 141.00 | OK | |
r-patched-linux-x86_64 | 0.3.2 | 17.82 | 70.72 | 88.54 | OK | |
r-release-linux-x86_64 | 0.3.2 | 18.63 | 70.47 | 89.10 | OK | |
r-release-macos-arm64 | 0.3.2 | 52.00 | NOTE | |||
r-release-macos-x86_64 | 0.3.2 | 86.00 | NOTE | |||
r-release-windows-x86_64 | 0.3.2 | 23.00 | 115.00 | 138.00 | NOTE | |
r-oldrel-macos-arm64 | 0.3.2 | 56.00 | NOTE | |||
r-oldrel-macos-x86_64 | 0.3.2 | 139.00 | NOTE | |||
r-oldrel-windows-x86_64 | 0.3.2 | 26.00 | 127.00 | 153.00 | NOTE |
Version: 0.3.2
Check: installed package size
Result: NOTE
installed size is 6.0Mb
sub-directories of 1Mb or more:
R 5.0Mb
Flavors: r-release-macos-arm64, r-release-macos-x86_64, r-release-windows-x86_64, r-oldrel-macos-arm64, r-oldrel-macos-x86_64, r-oldrel-windows-x86_64