CRAN Package Check Results for Package lucas

Last updated on 2025-02-20 09:50:53 CET.

Flavor Version Tinstall Tcheck Ttotal Status Flags
r-devel-linux-x86_64-debian-clang 1.0 3.74 32.92 36.66 NOTE
r-devel-linux-x86_64-debian-gcc 1.0 2.69 24.90 27.59 NOTE
r-devel-linux-x86_64-fedora-clang 1.0 59.25 NOTE
r-devel-linux-x86_64-fedora-gcc 1.0 56.60 NOTE
r-devel-macos-arm64 1.0 22.00 NOTE
r-devel-macos-x86_64 1.0 37.00 NOTE
r-devel-windows-x86_64 1.0 6.00 56.00 62.00 NOTE
r-patched-linux-x86_64 1.0 4.18 31.22 35.40 NOTE
r-release-linux-x86_64 1.0 4.10 30.95 35.05 NOTE
r-release-macos-arm64 1.0 20.00 NOTE
r-release-macos-x86_64 1.0 45.00 NOTE
r-release-windows-x86_64 1.0 6.00 53.00 59.00 NOTE
r-oldrel-macos-arm64 1.0 21.00 NOTE
r-oldrel-macos-x86_64 1.0 30.00 NOTE
r-oldrel-windows-x86_64 1.0 7.00 56.00 63.00 NOTE

Check Details

Version: 1.0
Check: Rd files
Result: NOTE checkRd: (-1) Upload_to_db.Rd:43: Lost braces 43 | lucas]{Connect_to_db} | ^ Flavors: r-devel-linux-x86_64-debian-clang, r-devel-linux-x86_64-debian-gcc, r-devel-linux-x86_64-fedora-clang, r-devel-linux-x86_64-fedora-gcc, r-devel-macos-arm64, r-devel-macos-x86_64, r-devel-windows-x86_64, r-patched-linux-x86_64, r-release-linux-x86_64, r-release-macos-arm64, r-release-macos-x86_64, r-release-windows-x86_64

Version: 1.0
Check: dependencies in R code
Result: NOTE Namespace in Imports field not imported from: ‘rpostgis’ All declared Imports should be used. Flavors: r-devel-linux-x86_64-fedora-clang, r-devel-linux-x86_64-fedora-gcc

Version: 1.0
Check: LazyData
Result: NOTE 'LazyData' is specified without a 'data' directory Flavors: r-patched-linux-x86_64, r-release-linux-x86_64, r-release-macos-arm64, r-release-macos-x86_64, r-release-windows-x86_64, r-oldrel-macos-arm64, r-oldrel-macos-x86_64, r-oldrel-windows-x86_64