Last updated on 2025-02-16 09:50:43 CET.
Flavor | Version | Tinstall | Tcheck | Ttotal | Status | Flags |
---|---|---|---|---|---|---|
r-devel-linux-x86_64-debian-clang | 1.0-6 | 6.57 | 54.16 | 60.73 | NOTE | |
r-devel-linux-x86_64-debian-gcc | 1.0-6 | 4.29 | 40.79 | 45.08 | NOTE | |
r-devel-linux-x86_64-fedora-clang | 1.0-6 | 97.39 | OK | |||
r-devel-linux-x86_64-fedora-gcc | 1.0-6 | 88.64 | OK | |||
r-devel-macos-arm64 | 1.0-6 | 32.00 | OK | |||
r-devel-macos-x86_64 | 1.0-6 | 54.00 | OK | |||
r-devel-windows-x86_64 | 1.0-6 | 7.00 | 73.00 | 80.00 | NOTE | |
r-patched-linux-x86_64 | 1.0-6 | 6.23 | 51.40 | 57.63 | OK | |
r-release-linux-x86_64 | 1.0-6 | 6.26 | 51.67 | 57.93 | OK | |
r-release-macos-arm64 | 1.0-6 | 32.00 | OK | |||
r-release-macos-x86_64 | 1.0-6 | 45.00 | OK | |||
r-release-windows-x86_64 | 1.0-6 | 7.00 | 75.00 | 82.00 | OK | |
r-oldrel-macos-arm64 | 1.0-6 | 36.00 | OK | |||
r-oldrel-macos-x86_64 | 1.0-6 | 53.00 | OK | |||
r-oldrel-windows-x86_64 | 1.0-6 | 10.00 | 104.00 | 114.00 | OK |
Version: 1.0-6
Check: Rd cross-references
Result: NOTE
Found the following Rd file(s) with Rd \link{} targets missing package
anchors:
luca.Rd: coxph, clogit
Please provide package anchors for all Rd \link{} targets not in the
package itself and the base packages.
Flavors: r-devel-linux-x86_64-debian-clang, r-devel-linux-x86_64-debian-gcc, r-devel-windows-x86_64