Last updated on 2025-10-27 08:49:57 CET.
| Flavor | Version | Tinstall | Tcheck | Ttotal | Status | Flags |
|---|---|---|---|---|---|---|
| r-devel-linux-x86_64-debian-clang | 1.0-0 | 1.60 | 29.94 | 31.54 | OK | |
| r-devel-linux-x86_64-debian-gcc | 1.0-0 | 1.41 | 24.63 | 26.04 | OK | |
| r-devel-linux-x86_64-fedora-clang | 1.0-0 | 46.83 | OK | |||
| r-devel-linux-x86_64-fedora-gcc | 1.0-0 | 60.95 | OK | |||
| r-devel-windows-x86_64 | 1.0-0 | 4.00 | 65.00 | 69.00 | OK | |
| r-patched-linux-x86_64 | 1.0-0 | 1.72 | 27.13 | 28.85 | OK | |
| r-release-linux-x86_64 | 1.0-0 | 1.25 | 27.14 | 28.39 | OK | |
| r-release-macos-arm64 | 1.0-0 | 1.00 | 33.00 | 34.00 | OK | |
| r-release-macos-x86_64 | 1.0-0 | 2.00 | 72.00 | 74.00 | OK | |
| r-release-windows-x86_64 | 1.0-0 | 5.00 | 48.00 | 53.00 | OK | |
| r-oldrel-macos-arm64 | 1.0-0 | 1.00 | 23.00 | 24.00 | NOTE | |
| r-oldrel-macos-x86_64 | 1.0-0 | 1.00 | 33.00 | 34.00 | NOTE | |
| r-oldrel-windows-x86_64 | 1.0-0 | 3.00 | 54.00 | 57.00 | NOTE |
Version: 1.0-0
Check: LazyData
Result: NOTE
'LazyData' is specified without a 'data' directory
Flavors: r-oldrel-macos-arm64, r-oldrel-macos-x86_64, r-oldrel-windows-x86_64