CRAN Package Check Results for Package longurl

Last updated on 2025-02-19 09:50:53 CET.

Flavor Version Tinstall Tcheck Ttotal Status Flags
r-devel-linux-x86_64-debian-clang 0.3.3 1.69 19.08 20.77 OK
r-devel-linux-x86_64-debian-gcc 0.3.3 1.31 14.56 15.87 OK
r-devel-linux-x86_64-fedora-clang 0.3.3 31.02 OK
r-devel-linux-x86_64-fedora-gcc 0.3.3 29.11 OK
r-devel-macos-arm64 0.3.3 43.00 OK
r-devel-macos-x86_64 0.3.3 53.00 OK
r-devel-windows-x86_64 0.3.3 3.00 49.00 52.00 OK
r-patched-linux-x86_64 0.3.3 1.20 18.09 19.29 NOTE
r-release-linux-x86_64 0.3.3 1.64 18.00 19.64 NOTE
r-release-macos-arm64 0.3.3 48.00 NOTE
r-release-macos-x86_64 0.3.3 50.00 NOTE
r-release-windows-x86_64 0.3.3 3.00 55.00 58.00 NOTE
r-oldrel-macos-arm64 0.3.3 40.00 NOTE
r-oldrel-macos-x86_64 0.3.3 34.00 NOTE
r-oldrel-windows-x86_64 0.3.3 4.00 50.00 54.00 NOTE

Check Details

Version: 0.3.3
Check: LazyData
Result: NOTE 'LazyData' is specified without a 'data' directory Flavors: r-patched-linux-x86_64, r-release-linux-x86_64, r-release-macos-arm64, r-release-macos-x86_64, r-release-windows-x86_64, r-oldrel-macos-arm64, r-oldrel-macos-x86_64, r-oldrel-windows-x86_64