Last updated on 2025-02-16 09:50:43 CET.
Flavor | Version | Tinstall | Tcheck | Ttotal | Status | Flags |
---|---|---|---|---|---|---|
r-devel-linux-x86_64-debian-clang | 0.2 | 3.35 | 50.98 | 54.33 | OK | |
r-devel-linux-x86_64-debian-gcc | 0.2 | 2.73 | 37.55 | 40.28 | OK | |
r-devel-linux-x86_64-fedora-clang | 0.2 | 90.52 | NOTE | |||
r-devel-linux-x86_64-fedora-gcc | 0.2 | 98.83 | NOTE | |||
r-devel-macos-arm64 | 0.2 | 38.00 | OK | |||
r-devel-macos-x86_64 | 0.2 | 89.00 | OK | |||
r-devel-windows-x86_64 | 0.2 | 7.00 | 79.00 | 86.00 | OK | |
r-patched-linux-x86_64 | 0.2 | 3.54 | 48.93 | 52.47 | OK | |
r-release-linux-x86_64 | 0.2 | 3.51 | 47.83 | 51.34 | OK | |
r-release-macos-arm64 | 0.2 | 38.00 | OK | |||
r-release-macos-x86_64 | 0.2 | 68.00 | OK | |||
r-release-windows-x86_64 | 0.2 | 6.00 | 82.00 | 88.00 | OK | |
r-oldrel-macos-arm64 | 0.2 | 42.00 | OK | |||
r-oldrel-macos-x86_64 | 0.2 | 63.00 | OK | |||
r-oldrel-windows-x86_64 | 0.2 | 8.00 | 106.00 | 114.00 | OK |
Version: 0.2
Check: compiled code
Result: NOTE
File ‘logisticPCA/libs/logisticPCA.so’:
Found no calls to: ‘R_registerRoutines’, ‘R_useDynamicSymbols’
It is good practice to register native routines and to disable symbol
search.
See ‘Writing portable packages’ in the ‘Writing R Extensions’ manual.
Flavors: r-devel-linux-x86_64-fedora-clang, r-devel-linux-x86_64-fedora-gcc