Last updated on 2025-02-16 09:50:42 CET.
Flavor | Version | Tinstall | Tcheck | Ttotal | Status | Flags |
---|---|---|---|---|---|---|
r-devel-linux-x86_64-debian-clang | 0.1.0 | 7.69 | 75.55 | 83.24 | OK | |
r-devel-linux-x86_64-debian-gcc | 0.1.0 | 6.20 | 56.93 | 63.13 | OK | |
r-devel-linux-x86_64-fedora-clang | 0.1.0 | 138.24 | NOTE | |||
r-devel-linux-x86_64-fedora-gcc | 0.1.0 | 125.74 | NOTE | |||
r-devel-macos-arm64 | 0.1.0 | 46.00 | OK | |||
r-devel-macos-x86_64 | 0.1.0 | 82.00 | OK | |||
r-devel-windows-x86_64 | 0.1.0 | 9.00 | 98.00 | 107.00 | OK | |
r-patched-linux-x86_64 | 0.1.0 | 8.32 | 69.63 | 77.95 | NOTE | |
r-release-linux-x86_64 | 0.1.0 | 8.54 | 70.99 | 79.53 | NOTE | |
r-release-macos-arm64 | 0.1.0 | 40.00 | NOTE | |||
r-release-macos-x86_64 | 0.1.0 | 66.00 | NOTE | |||
r-release-windows-x86_64 | 0.1.0 | 10.00 | 87.00 | 97.00 | NOTE | |
r-oldrel-macos-arm64 | 0.1.0 | 41.00 | NOTE | |||
r-oldrel-macos-x86_64 | 0.1.0 | 73.00 | NOTE | |||
r-oldrel-windows-x86_64 | 0.1.0 | 14.00 | 118.00 | 132.00 | NOTE |
Version: 0.1.0
Check: dependencies in R code
Result: NOTE
Namespace in Imports field not imported from: ‘Matrix’
All declared Imports should be used.
Flavors: r-devel-linux-x86_64-fedora-clang, r-devel-linux-x86_64-fedora-gcc
Version: 0.1.0
Check: LazyData
Result: NOTE
'LazyData' is specified without a 'data' directory
Flavors: r-patched-linux-x86_64, r-release-linux-x86_64, r-release-macos-arm64, r-release-macos-x86_64, r-release-windows-x86_64, r-oldrel-macos-arm64, r-oldrel-macos-x86_64, r-oldrel-windows-x86_64