Last updated on 2025-02-20 09:50:53 CET.
Flavor | Version | Tinstall | Tcheck | Ttotal | Status | Flags |
---|---|---|---|---|---|---|
r-devel-linux-x86_64-debian-clang | 0.3.20 | 5.67 | 23.97 | 29.64 | NOTE | |
r-devel-linux-x86_64-debian-gcc | 0.3.20 | 4.69 | 19.54 | 24.23 | NOTE | |
r-devel-macos-arm64 | 0.3.20 | 31.00 | OK | |||
r-devel-macos-x86_64 | 0.3.20 | 63.00 | NOTE | |||
r-patched-linux-x86_64 | 0.3.20 | 5.01 | 22.02 | 27.03 | OK | |
r-release-linux-x86_64 | 0.3.20 | 4.69 | 21.91 | 26.60 | OK | |
r-release-macos-arm64 | 0.3.20 | 31.00 | OK | |||
r-release-macos-x86_64 | 0.3.20 | 44.00 | OK | |||
r-oldrel-macos-arm64 | 0.3.20 | 49.00 | OK | |||
r-oldrel-macos-x86_64 | 0.3.20 | 101.00 | OK |
Version: 0.3.20
Check: top-level files
Result: NOTE
possible bashism in configure.ac line 134 ($"foo" should be eval_gettext "foo"):
dnl if test x$"$withval" != xno; then
Flavors: r-devel-linux-x86_64-debian-clang, r-devel-linux-x86_64-debian-gcc
Version: 0.3.20
Check: package vignettes
Result: NOTE
Package vignettes without corresponding tangle output:
‘littler-examples.md’
‘littler-faq.md’
Flavor: r-devel-macos-x86_64