Last updated on 2025-07-12 09:49:22 CEST.
Flavor | Version | Tinstall | Tcheck | Ttotal | Status | Flags |
---|---|---|---|---|---|---|
r-devel-linux-x86_64-debian-clang | 0.1.2 | 12.92 | 111.16 | 124.08 | NOTE | |
r-devel-linux-x86_64-debian-gcc | 0.1.2 | 9.97 | 80.19 | 90.16 | NOTE | |
r-devel-linux-x86_64-fedora-clang | 0.1.2 | 192.91 | OK | |||
r-devel-linux-x86_64-fedora-gcc | 0.1.2 | 177.70 | OK | |||
r-devel-windows-x86_64 | 0.1.2 | 13.00 | 106.00 | 119.00 | OK | |
r-patched-linux-x86_64 | 0.1.2 | 14.24 | 103.60 | 117.84 | OK | |
r-release-linux-x86_64 | 0.1.2 | 10.33 | 101.36 | 111.69 | OK | |
r-release-macos-arm64 | 0.1.2 | 48.00 | OK | |||
r-release-macos-x86_64 | 0.1.2 | 89.00 | OK | |||
r-release-windows-x86_64 | 0.1.2 | 14.00 | 107.00 | 121.00 | OK | |
r-oldrel-macos-arm64 | 0.1.2 | 49.00 | OK | |||
r-oldrel-macos-x86_64 | 0.1.2 | 71.00 | OK | |||
r-oldrel-windows-x86_64 | 0.1.2 | 19.00 | 140.00 | 159.00 | OK |
Version: 0.1.2
Check: CRAN incoming feasibility
Result: NOTE
Maintainer: ‘Tommi Suvitaival <TSUV0001@RegionH.DK>’
Found the following URLs which should use \doi (with the DOI name only):
File ‘cancerlipidome.Rd’:
http://dx.doi.org/10.21228/M8RX01
https://doi.org/10.3390/metabo8030041
File ‘humanlipidome.Rd’:
http://dx.doi.org/10.21228/M8MW26
https://doi.org/10.1194/jlr.M009449
File ‘liverlipidome.Rd’:
http://dx.doi.org/10.21228/M8MW26
https://dx.doi.org/10.1194/jlr.P056002
Flavors: r-devel-linux-x86_64-debian-clang, r-devel-linux-x86_64-debian-gcc