Last updated on 2025-02-16 09:50:42 CET.
Flavor | Version | Tinstall | Tcheck | Ttotal | Status | Flags |
---|---|---|---|---|---|---|
r-devel-linux-x86_64-debian-clang | 2.2.1 | 46.01 | 113.23 | 159.24 | OK | |
r-devel-linux-x86_64-debian-gcc | 2.2.1 | 37.21 | 77.64 | 114.85 | OK | |
r-devel-linux-x86_64-fedora-clang | 2.2.1 | 289.88 | OK | |||
r-devel-linux-x86_64-fedora-gcc | 2.2.1 | 287.37 | OK | |||
r-devel-macos-arm64 | 2.2.1 | 83.00 | OK | |||
r-devel-macos-x86_64 | 2.2.1 | 171.00 | OK | |||
r-devel-windows-x86_64 | 2.2.1 | 55.00 | 147.00 | 202.00 | OK | |
r-patched-linux-x86_64 | 2.2.1 | 50.12 | 104.56 | 154.68 | OK | |
r-release-linux-x86_64 | 2.2.1 | 48.84 | 106.57 | 155.41 | OK | |
r-release-macos-arm64 | 2.2.1 | 74.00 | OK | |||
r-release-macos-x86_64 | 2.2.1 | 125.00 | OK | |||
r-release-windows-x86_64 | 2.2.1 | 51.00 | 151.00 | 202.00 | NOTE | |
r-oldrel-macos-arm64 | 2.2.1 | 75.00 | OK | |||
r-oldrel-macos-x86_64 | 2.2.1 | 123.00 | OK | |||
r-oldrel-windows-x86_64 | 2.2.1 | 66.00 | 175.00 | 241.00 | NOTE |
Version: 2.2.1
Check: package dependencies
Result: NOTE
Package suggested but not available for checking: 'doMC'
Flavors: r-release-windows-x86_64, r-oldrel-windows-x86_64