Last updated on 2025-02-19 09:50:52 CET.
Flavor | Version | Tinstall | Tcheck | Ttotal | Status | Flags |
---|---|---|---|---|---|---|
r-devel-linux-x86_64-debian-clang | 0.2.1 | 1.78 | 17.49 | 19.27 | NOTE | |
r-devel-linux-x86_64-debian-gcc | 0.2.1 | 1.33 | 14.23 | 15.56 | NOTE | |
r-devel-linux-x86_64-fedora-clang | 0.2.1 | 30.66 | NOTE | |||
r-devel-linux-x86_64-fedora-gcc | 0.2.1 | 29.03 | NOTE | |||
r-devel-macos-arm64 | 0.2.1 | 15.00 | OK | |||
r-devel-macos-x86_64 | 0.2.1 | 24.00 | NOTE | |||
r-devel-windows-x86_64 | 0.2.1 | 3.00 | 44.00 | 47.00 | NOTE | |
r-patched-linux-x86_64 | 0.2.1 | 1.70 | 16.73 | 18.43 | OK | |
r-release-linux-x86_64 | 0.2.1 | 1.69 | 16.65 | 18.34 | OK | |
r-release-macos-arm64 | 0.2.1 | 15.00 | OK | |||
r-release-macos-x86_64 | 0.2.1 | 21.00 | OK | |||
r-release-windows-x86_64 | 0.2.1 | 3.00 | 39.00 | 42.00 | OK | |
r-oldrel-macos-arm64 | 0.2.1 | 15.00 | OK | |||
r-oldrel-macos-x86_64 | 0.2.1 | 54.00 | OK | |||
r-oldrel-windows-x86_64 | 0.2.1 | 3.00 | 41.00 | 44.00 | OK |
Version: 0.2.1
Check: DESCRIPTION meta-information
Result: NOTE
Missing dependency on R >= 4.1.0 because package code uses the pipe
|> or function shorthand \(...) syntax added in R 4.1.0.
File(s) using such syntax:
‘letter_value.R’ ‘print_lv.R’
Flavors: r-devel-linux-x86_64-debian-clang, r-devel-linux-x86_64-debian-gcc, r-devel-linux-x86_64-fedora-clang, r-devel-linux-x86_64-fedora-gcc, r-devel-macos-x86_64, r-devel-windows-x86_64