Last updated on 2025-02-16 09:50:42 CET.
Flavor | Version | Tinstall | Tcheck | Ttotal | Status | Flags |
---|---|---|---|---|---|---|
r-devel-linux-x86_64-debian-clang | 1.1.0 | 3.03 | 19.80 | 22.83 | OK | |
r-devel-linux-x86_64-debian-gcc | 1.1.0 | 2.29 | 16.13 | 18.42 | OK | |
r-devel-linux-x86_64-fedora-clang | 1.1.0 | 37.55 | OK | |||
r-devel-linux-x86_64-fedora-gcc | 1.1.0 | 35.10 | OK | |||
r-devel-macos-arm64 | 1.1.0 | 17.00 | OK | |||
r-devel-macos-x86_64 | 1.1.0 | 27.00 | OK | |||
r-devel-windows-x86_64 | 1.1.0 | 6.00 | 50.00 | 56.00 | OK | |
r-patched-linux-x86_64 | 1.1.0 | 2.62 | 18.91 | 21.53 | NOTE | |
r-release-linux-x86_64 | 1.1.0 | 2.66 | 19.10 | 21.76 | NOTE | |
r-release-macos-arm64 | 1.1.0 | 17.00 | NOTE | |||
r-release-macos-x86_64 | 1.1.0 | 24.00 | NOTE | |||
r-release-windows-x86_64 | 1.1.0 | 6.00 | 52.00 | 58.00 | NOTE | |
r-oldrel-macos-arm64 | 1.1.0 | 17.00 | NOTE | |||
r-oldrel-macos-x86_64 | 1.1.0 | 24.00 | NOTE | |||
r-oldrel-windows-x86_64 | 1.1.0 | 6.00 | 45.00 | 51.00 | NOTE |
Version: 1.1.0
Check: LazyData
Result: NOTE
'LazyData' is specified without a 'data' directory
Flavors: r-patched-linux-x86_64, r-release-linux-x86_64, r-release-macos-arm64, r-release-macos-x86_64, r-release-windows-x86_64, r-oldrel-macos-arm64, r-oldrel-macos-x86_64, r-oldrel-windows-x86_64