Last updated on 2025-02-19 09:50:52 CET.
Flavor | Version | Tinstall | Tcheck | Ttotal | Status | Flags |
---|---|---|---|---|---|---|
r-devel-linux-x86_64-debian-clang | 0.2 | 1.40 | 15.04 | 16.44 | OK | |
r-devel-linux-x86_64-debian-gcc | 0.2 | 1.25 | 12.64 | 13.89 | OK | |
r-devel-linux-x86_64-fedora-clang | 0.2 | 26.44 | OK | |||
r-devel-linux-x86_64-fedora-gcc | 0.2 | 25.29 | OK | |||
r-devel-macos-arm64 | 0.2 | 13.00 | OK | |||
r-devel-macos-x86_64 | 0.2 | 20.00 | OK | |||
r-devel-windows-x86_64 | 0.2 | 2.00 | 43.00 | 45.00 | OK | |
r-patched-linux-x86_64 | 0.2 | 1.38 | 14.54 | 15.92 | NOTE | |
r-release-linux-x86_64 | 0.2 | 1.43 | 14.50 | 15.93 | NOTE | |
r-release-macos-arm64 | 0.2 | 12.00 | NOTE | |||
r-release-macos-x86_64 | 0.2 | 18.00 | NOTE | |||
r-release-windows-x86_64 | 0.2 | 2.00 | 33.00 | 35.00 | NOTE | |
r-oldrel-macos-arm64 | 0.2 | 13.00 | NOTE | |||
r-oldrel-macos-x86_64 | 0.2 | 17.00 | NOTE | |||
r-oldrel-windows-x86_64 | 0.2 | 3.00 | 31.00 | 34.00 | NOTE |
Version: 0.2
Check: LazyData
Result: NOTE
'LazyData' is specified without a 'data' directory
Flavors: r-patched-linux-x86_64, r-release-linux-x86_64, r-release-macos-arm64, r-release-macos-x86_64, r-release-windows-x86_64, r-oldrel-macos-arm64, r-oldrel-macos-x86_64, r-oldrel-windows-x86_64