Last updated on 2025-02-16 09:50:42 CET.
Flavor | Version | Tinstall | Tcheck | Ttotal | Status | Flags |
---|---|---|---|---|---|---|
r-devel-linux-x86_64-debian-clang | 1.1.4 | 4.87 | 77.24 | 82.11 | NOTE | |
r-devel-linux-x86_64-debian-gcc | 1.1.4 | 3.36 | 68.97 | 72.33 | NOTE | |
r-devel-linux-x86_64-fedora-clang | 1.1.4 | 124.18 | NOTE | |||
r-devel-linux-x86_64-fedora-gcc | 1.1.4 | 135.45 | NOTE | |||
r-devel-macos-arm64 | 1.1.4 | 154.00 | OK | |||
r-devel-macos-x86_64 | 1.1.4 | 185.00 | NOTE | |||
r-devel-windows-x86_64 | 1.1.4 | 6.00 | 157.00 | 163.00 | NOTE | |
r-patched-linux-x86_64 | 1.1.4 | 4.13 | 73.80 | 77.93 | OK | |
r-release-linux-x86_64 | 1.1.4 | 4.27 | 74.85 | 79.12 | OK | |
r-release-macos-arm64 | 1.1.4 | 152.00 | OK | |||
r-release-macos-x86_64 | 1.1.4 | 172.00 | OK | |||
r-release-windows-x86_64 | 1.1.4 | 7.00 | 160.00 | 167.00 | OK | |
r-oldrel-macos-arm64 | 1.1.4 | 165.00 | OK | |||
r-oldrel-macos-x86_64 | 1.1.4 | 174.00 | OK | |||
r-oldrel-windows-x86_64 | 1.1.4 | 8.00 | 297.00 | 305.00 | OK |
Version: 1.1.4
Check: DESCRIPTION meta-information
Result: NOTE
Missing dependency on R >= 4.1.0 because package code uses the pipe
|> or function shorthand \(...) syntax added in R 4.1.0.
File(s) using such syntax:
‘grab_crosswalk.R’ ‘lehdr.R’
Flavors: r-devel-linux-x86_64-debian-clang, r-devel-linux-x86_64-debian-gcc, r-devel-linux-x86_64-fedora-clang, r-devel-linux-x86_64-fedora-gcc, r-devel-macos-x86_64, r-devel-windows-x86_64