CRAN Package Check Results for Package learner

Last updated on 2025-04-16 09:53:03 CEST.

Flavor Version Tinstall Tcheck Ttotal Status Flags
r-devel-linux-x86_64-debian-clang 1.0.0 65.35 29.61 94.96 OK
r-devel-linux-x86_64-debian-gcc 1.0.0 54.36 28.11 82.47 OK
r-devel-linux-x86_64-fedora-clang 1.0.0 167.80 OK
r-devel-linux-x86_64-fedora-gcc 1.0.0 179.67 OK
r-devel-windows-x86_64 1.0.0 67.00 75.00 142.00 OK
r-patched-linux-x86_64 1.0.0 74.00 35.96 109.96 OK
r-release-linux-x86_64 1.0.0 69.45 35.85 105.30 OK
r-release-macos-arm64 1.0.0 47.00 OK
r-release-macos-x86_64 1.0.0 108.00 OK
r-release-windows-x86_64 1.0.0 65.00 75.00 140.00 OK
r-oldrel-macos-arm64 1.0.0 51.00 NOTE
r-oldrel-macos-x86_64 1.0.0 87.00 NOTE
r-oldrel-windows-x86_64 1.0.0 77.00 85.00 162.00 OK

Check Details

Version: 1.0.0
Check: installed package size
Result: NOTE installed size is 38.2Mb sub-directories of 1Mb or more: libs 37.8Mb Flavors: r-oldrel-macos-arm64, r-oldrel-macos-x86_64