CRAN Package Check Results for Package leaftime

Last updated on 2025-07-12 09:49:22 CEST.

Flavor Version Tinstall Tcheck Ttotal Status Flags
r-devel-linux-x86_64-debian-clang 0.2.0 2.48 24.26 26.74 OK
r-devel-linux-x86_64-debian-gcc 0.2.0 2.05 20.51 22.56 OK
r-devel-linux-x86_64-fedora-clang 0.2.0 39.71 OK
r-devel-linux-x86_64-fedora-gcc 0.2.0 38.41 OK
r-devel-windows-x86_64 0.2.0 4.00 44.00 48.00 OK
r-patched-linux-x86_64 0.2.0 2.29 22.25 24.54 OK
r-release-linux-x86_64 0.2.0 2.44 22.06 24.50 OK
r-release-macos-arm64 0.2.0 21.00 OK
r-release-macos-x86_64 0.2.0 26.00 OK
r-release-windows-x86_64 0.2.0 4.00 44.00 48.00 OK
r-oldrel-macos-arm64 0.2.0 17.00 NOTE
r-oldrel-macos-x86_64 0.2.0 24.00 NOTE
r-oldrel-windows-x86_64 0.2.0 5.00 48.00 53.00 NOTE

Check Details

Version: 0.2.0
Check: LazyData
Result: NOTE 'LazyData' is specified without a 'data' directory Flavors: r-oldrel-macos-arm64, r-oldrel-macos-x86_64, r-oldrel-windows-x86_64