Last updated on 2025-10-27 08:49:57 CET.
| Flavor | Version | Tinstall | Tcheck | Ttotal | Status | Flags | 
|---|---|---|---|---|---|---|
| r-devel-linux-x86_64-debian-clang | 2.4.52 | 10.28 | 70.44 | 80.72 | NOTE | |
| r-devel-linux-x86_64-debian-gcc | 2.4.52 | 6.38 | 50.11 | 56.49 | NOTE | |
| r-devel-linux-x86_64-fedora-clang | 2.4.52 | 50.00 | 81.43 | 131.43 | OK | |
| r-devel-linux-x86_64-fedora-gcc | 2.4.52 | 23.00 | 94.60 | 117.60 | OK | |
| r-devel-windows-x86_64 | 2.4.52 | 14.00 | 77.00 | 91.00 | OK | |
| r-patched-linux-x86_64 | 2.4.52 | 11.94 | 66.21 | 78.15 | OK | |
| r-release-linux-x86_64 | 2.4.52 | 10.49 | 65.01 | 75.50 | OK | |
| r-release-macos-arm64 | 2.4.52 | 6.00 | 32.00 | 38.00 | OK | |
| r-release-macos-x86_64 | 2.4.52 | 9.00 | 49.00 | 58.00 | OK | |
| r-release-windows-x86_64 | 2.4.52 | 14.00 | 78.00 | 92.00 | OK | |
| r-oldrel-macos-arm64 | 2.4.52 | 5.00 | 29.00 | 34.00 | OK | |
| r-oldrel-macos-x86_64 | 2.4.52 | 7.00 | 51.00 | 58.00 | OK | |
| r-oldrel-windows-x86_64 | 2.4.52 | 19.00 | 98.00 | 117.00 | OK | 
Version: 2.4.52
Check: CRAN incoming feasibility
Result: NOTE
  Maintainer: ‘Ivan Bezerra Allaman <iballaman@uesc.br>’
  
  No Authors@R field in DESCRIPTION.
  Please add one, modifying
    Authors@R: c(person(given = c("Enio", "G."),
                        family = "Jelihovschi",
                        role = "aut",
                        email = "eniojelihovs@gmail.com"),
                 person(given = c("Ivan", "Bezerra"),
                        family = "Allaman",
                        role = c("aut", "cre"),
                        email = "iballaman@uesc.br"))
  as necessary.
Flavors: r-devel-linux-x86_64-debian-clang, r-devel-linux-x86_64-debian-gcc