Last updated on 2025-05-12 09:51:24 CEST.
Flavor | Version | Tinstall | Tcheck | Ttotal | Status | Flags |
---|---|---|---|---|---|---|
r-devel-linux-x86_64-debian-clang | 0.1.0 | 2.15 | 17.48 | 19.63 | OK | |
r-devel-linux-x86_64-debian-gcc | 0.1.0 | 1.58 | 14.69 | 16.27 | OK | |
r-devel-linux-x86_64-fedora-clang | 0.1.0 | 30.67 | NOTE | |||
r-devel-linux-x86_64-fedora-gcc | 0.1.0 | 28.08 | NOTE | |||
r-devel-windows-x86_64 | 0.1.0 | 3.00 | 38.00 | 41.00 | OK | |
r-patched-linux-x86_64 | 0.1.0 | 2.41 | 16.05 | 18.46 | OK | |
r-release-linux-x86_64 | 0.1.0 | 2.19 | 15.93 | 18.12 | OK | |
r-release-macos-arm64 | 0.1.0 | 16.00 | OK | |||
r-release-macos-x86_64 | 0.1.0 | 22.00 | OK | |||
r-release-windows-x86_64 | 0.1.0 | 3.00 | 39.00 | 42.00 | OK | |
r-oldrel-macos-arm64 | 0.1.0 | 14.00 | NOTE | |||
r-oldrel-macos-x86_64 | 0.1.0 | 19.00 | NOTE | |||
r-oldrel-windows-x86_64 | 0.1.0 | 3.00 | 42.00 | 45.00 | NOTE |
Version: 0.1.0
Check: dependencies in R code
Result: NOTE
Namespace in Imports field not imported from: ‘R6’
All declared Imports should be used.
Flavors: r-devel-linux-x86_64-fedora-clang, r-devel-linux-x86_64-fedora-gcc
Version: 0.1.0
Check: LazyData
Result: NOTE
'LazyData' is specified without a 'data' directory
Flavors: r-oldrel-macos-arm64, r-oldrel-macos-x86_64, r-oldrel-windows-x86_64