Last updated on 2025-02-19 09:50:52 CET.
Flavor | Version | Tinstall | Tcheck | Ttotal | Status | Flags |
---|---|---|---|---|---|---|
r-devel-linux-x86_64-debian-clang | 2.1-0 | 10.73 | 86.20 | 96.93 | NOTE | |
r-devel-linux-x86_64-debian-gcc | 2.1-0 | 9.00 | 62.92 | 71.92 | NOTE | |
r-devel-linux-x86_64-fedora-clang | 2.1-0 | 157.10 | NOTE | |||
r-devel-linux-x86_64-fedora-gcc | 2.1-0 | 150.68 | NOTE | |||
r-devel-macos-arm64 | 2.1-0 | 47.00 | NOTE | |||
r-devel-macos-x86_64 | 2.1-0 | 88.00 | NOTE | |||
r-devel-windows-x86_64 | 2.1-0 | 16.00 | 105.00 | 121.00 | NOTE | |
r-patched-linux-x86_64 | 2.1-0 | 13.24 | 81.45 | 94.69 | NOTE | |
r-release-linux-x86_64 | 2.1-0 | 12.29 | 82.45 | 94.74 | NOTE | |
r-release-macos-arm64 | 2.1-0 | 44.00 | NOTE | |||
r-release-macos-x86_64 | 2.1-0 | 65.00 | NOTE | |||
r-release-windows-x86_64 | 2.1-0 | 17.00 | 106.00 | 123.00 | NOTE | |
r-oldrel-macos-arm64 | 2.1-0 | 48.00 | OK | |||
r-oldrel-macos-x86_64 | 2.1-0 | 120.00 | OK | |||
r-oldrel-windows-x86_64 | 2.1-0 | 21.00 | 155.00 | 176.00 | OK |
Version: 2.1-0
Check: Rd files
Result: NOTE
checkRd: (-1) reconcile.Rd:26: Lost braces
26 | refer to as the sQuote{comm} data.frame. The other data.frame contains all the
| ^
Flavors: r-devel-linux-x86_64-debian-clang, r-devel-linux-x86_64-debian-gcc, r-devel-linux-x86_64-fedora-clang, r-devel-linux-x86_64-fedora-gcc, r-devel-macos-arm64, r-devel-macos-x86_64, r-devel-windows-x86_64, r-patched-linux-x86_64, r-release-linux-x86_64, r-release-macos-arm64, r-release-macos-x86_64, r-release-windows-x86_64
Version: 2.1-0
Check: Rd cross-references
Result: NOTE
Unknown package ‘optpart’ in Rd xrefs
Flavors: r-devel-linux-x86_64-debian-clang, r-devel-linux-x86_64-debian-gcc, r-devel-linux-x86_64-fedora-gcc, r-devel-macos-arm64, r-devel-macos-x86_64, r-patched-linux-x86_64, r-release-linux-x86_64
Version: 2.1-0
Check: Rd cross-references
Result: NOTE
Undeclared package ‘fso’ in Rd xrefs
Unknown package ‘optpart’ in Rd xrefs
Flavor: r-devel-linux-x86_64-fedora-clang
Version: 2.1-0
Check: compiled code
Result: NOTE
File ‘labdsv/libs/labdsv.so’:
Found no calls to: ‘R_registerRoutines’, ‘R_useDynamicSymbols’
It is good practice to register native routines and to disable symbol
search.
See ‘Writing portable packages’ in the ‘Writing R Extensions’ manual.
Flavors: r-devel-linux-x86_64-fedora-clang, r-devel-linux-x86_64-fedora-gcc
Version: 2.1-0
Check: package dependencies
Result: NOTE
Package suggested but not available for checking: ‘optpart’
Flavors: r-patched-linux-x86_64, r-release-linux-x86_64