CRAN Package Check Results for Package l2boost

Last updated on 2025-02-16 09:50:42 CET.

Flavor Version Tinstall Tcheck Ttotal Status Flags
r-devel-linux-x86_64-debian-clang 1.0.3 2.74 31.99 34.73 NOTE
r-devel-linux-x86_64-debian-gcc 1.0.3 2.37 24.01 26.38 NOTE
r-devel-linux-x86_64-fedora-clang 1.0.3 62.17 NOTE
r-devel-linux-x86_64-fedora-gcc 1.0.3 54.60 NOTE
r-devel-macos-arm64 1.0.3 22.00 NOTE
r-devel-macos-x86_64 1.0.3 38.00 NOTE
r-devel-windows-x86_64 1.0.3 3.00 60.00 63.00 NOTE
r-patched-linux-x86_64 1.0.3 3.14 30.60 33.74 NOTE
r-release-linux-x86_64 1.0.3 2.90 30.17 33.07 NOTE
r-release-macos-arm64 1.0.3 22.00 NOTE
r-release-macos-x86_64 1.0.3 30.00 NOTE
r-release-windows-x86_64 1.0.3 4.00 68.00 72.00 NOTE
r-oldrel-macos-arm64 1.0.3 21.00 OK
r-oldrel-macos-x86_64 1.0.3 30.00 OK
r-oldrel-windows-x86_64 1.0.3 4.00 62.00 66.00 OK

Check Details

Version: 1.0.3
Check: Rd files
Result: NOTE checkRd: (-1) predict.l2boost.Rd:24: Lost braces in \itemize; \value handles \item{}{} directly checkRd: (-1) predict.l2boost.Rd:25: Lost braces in \itemize; \value handles \item{}{} directly checkRd: (-1) predict.l2boost.Rd:29: Lost braces in \itemize; \value handles \item{}{} directly checkRd: (-1) predict.l2boost.Rd:30: Lost braces in \itemize; \value handles \item{}{} directly checkRd: (-1) predict.l2boost.Rd:31: Lost braces in \itemize; \value handles \item{}{} directly checkRd: (-1) predict.l2boost.Rd:32: Lost braces in \itemize; \value handles \item{}{} directly Flavors: r-devel-linux-x86_64-debian-clang, r-devel-linux-x86_64-debian-gcc, r-devel-linux-x86_64-fedora-clang, r-devel-linux-x86_64-fedora-gcc, r-devel-macos-arm64, r-devel-macos-x86_64, r-devel-windows-x86_64, r-patched-linux-x86_64, r-release-linux-x86_64, r-release-macos-arm64, r-release-macos-x86_64, r-release-windows-x86_64