CRAN Package Check Results for Package kpmt

Last updated on 2025-04-16 09:53:02 CEST.

Flavor Version Tinstall Tcheck Ttotal Status Flags
r-devel-linux-x86_64-debian-clang 0.1.0 2.00 21.82 23.82 NOTE
r-devel-linux-x86_64-debian-gcc 0.1.0 1.58 17.11 18.69 NOTE
r-devel-linux-x86_64-fedora-clang 0.1.0 37.51 NOTE
r-devel-linux-x86_64-fedora-gcc 0.1.0 35.71 NOTE
r-devel-windows-x86_64 0.1.0 4.00 45.00 49.00 NOTE
r-patched-linux-x86_64 0.1.0 2.12 21.54 23.66 NOTE
r-release-linux-x86_64 0.1.0 1.76 21.52 23.28 NOTE
r-release-macos-arm64 0.1.0 20.00 NOTE
r-release-macos-x86_64 0.1.0 33.00 NOTE
r-release-windows-x86_64 0.1.0 3.00 44.00 47.00 NOTE
r-oldrel-macos-arm64 0.1.0 17.00 NOTE
r-oldrel-macos-x86_64 0.1.0 23.00 NOTE
r-oldrel-windows-x86_64 0.1.0 3.00 46.00 49.00 NOTE

Check Details

Version: 0.1.0
Check: Rd files
Result: NOTE checkRd: (-1) kpmt.Rd:14: Lost braces in \itemize; meant \describe ? checkRd: (-1) kpmt.Rd:15: Lost braces in \itemize; meant \describe ? checkRd: (-1) kpmt.Rd:20: Lost braces in \itemize; meant \describe ? checkRd: (-1) kpmt.Rd:21: Lost braces in \itemize; meant \describe ? checkRd: (-1) kpmt.Rd:46: Lost braces in \itemize; \value handles \item{}{} directly checkRd: (-1) kpmt.Rd:47: Lost braces in \itemize; \value handles \item{}{} directly checkRd: (-1) kpmt.Rd:48: Lost braces in \itemize; \value handles \item{}{} directly checkRd: (-1) kpmt.Rd:49: Lost braces in \itemize; \value handles \item{}{} directly checkRd: (-1) kpmt.Rd:50: Lost braces in \itemize; \value handles \item{}{} directly checkRd: (-1) kpmt.Rd:51: Lost braces in \itemize; \value handles \item{}{} directly checkRd: (-1) kpmt.Rd:52: Lost braces in \itemize; \value handles \item{}{} directly Flavors: r-devel-linux-x86_64-debian-clang, r-devel-linux-x86_64-debian-gcc, r-devel-linux-x86_64-fedora-clang, r-devel-linux-x86_64-fedora-gcc, r-devel-windows-x86_64, r-patched-linux-x86_64, r-release-linux-x86_64, r-release-macos-arm64, r-release-macos-x86_64, r-release-windows-x86_64, r-oldrel-macos-arm64, r-oldrel-macos-x86_64, r-oldrel-windows-x86_64