CRAN Package Check Results for Package kernhaz

Last updated on 2025-02-19 09:50:52 CET.

Flavor Version Tinstall Tcheck Ttotal Status Flags
r-devel-linux-x86_64-debian-clang 0.1.0 4.70 48.58 53.28 OK
r-devel-linux-x86_64-debian-gcc 0.1.0 3.68 36.77 40.45 OK
r-devel-linux-x86_64-fedora-clang 0.1.0 86.54 OK
r-devel-linux-x86_64-fedora-gcc 0.1.0 84.12 OK
r-devel-macos-arm64 0.1.0 28.00 OK
r-devel-macos-x86_64 0.1.0 55.00 OK
r-devel-windows-x86_64 0.1.0 8.00 69.00 77.00 OK
r-patched-linux-x86_64 0.1.0 5.25 46.13 51.38 NOTE
r-release-linux-x86_64 0.1.0 4.44 46.13 50.57 NOTE
r-release-macos-arm64 0.1.0 27.00 NOTE
r-release-macos-x86_64 0.1.0 42.00 NOTE
r-release-windows-x86_64 0.1.0 8.00 65.00 73.00 NOTE
r-oldrel-macos-arm64 0.1.0 30.00 NOTE
r-oldrel-macos-x86_64 0.1.0 45.00 NOTE
r-oldrel-windows-x86_64 0.1.0 8.00 87.00 95.00 NOTE

Check Details

Version: 0.1.0
Check: LazyData
Result: NOTE 'LazyData' is specified without a 'data' directory Flavors: r-patched-linux-x86_64, r-release-linux-x86_64, r-release-macos-arm64, r-release-macos-x86_64, r-release-windows-x86_64, r-oldrel-macos-arm64, r-oldrel-macos-x86_64, r-oldrel-windows-x86_64