Last updated on 2025-02-20 09:50:52 CET.
Flavor | Version | Tinstall | Tcheck | Ttotal | Status | Flags |
---|---|---|---|---|---|---|
r-devel-linux-x86_64-debian-clang | 0.9.4 | 5.65 | 132.33 | 137.98 | OK | |
r-devel-linux-x86_64-debian-gcc | 0.9.4 | 4.25 | 79.76 | 84.01 | OK | |
r-devel-linux-x86_64-fedora-clang | 0.9.4 | 222.92 | OK | |||
r-devel-linux-x86_64-fedora-gcc | 0.9.4 | 221.41 | OK | |||
r-devel-macos-arm64 | 0.9.4 | 59.00 | OK | |||
r-devel-macos-x86_64 | 0.9.4 | 132.00 | OK | |||
r-devel-windows-x86_64 | 0.9.4 | 7.00 | 138.00 | 145.00 | OK | |
r-patched-linux-x86_64 | 0.9.4 | 5.56 | 116.13 | 121.69 | NOTE | |
r-release-linux-x86_64 | 0.9.4 | 4.85 | 120.89 | 125.74 | NOTE | |
r-release-macos-arm64 | 0.9.4 | 56.00 | NOTE | |||
r-release-macos-x86_64 | 0.9.4 | 95.00 | NOTE | |||
r-release-windows-x86_64 | 0.9.4 | 7.00 | 132.00 | 139.00 | NOTE | |
r-oldrel-macos-arm64 | 0.9.4 | 66.00 | NOTE | |||
r-oldrel-macos-x86_64 | 0.9.4 | 109.00 | NOTE | |||
r-oldrel-windows-x86_64 | 0.9.4 | 8.00 | 161.00 | 169.00 | NOTE |
Version: 0.9.4
Check: LazyData
Result: NOTE
'LazyData' is specified without a 'data' directory
Flavors: r-patched-linux-x86_64, r-release-linux-x86_64, r-release-macos-arm64, r-release-macos-x86_64, r-release-windows-x86_64, r-oldrel-macos-arm64, r-oldrel-macos-x86_64, r-oldrel-windows-x86_64