CRAN Package Check Results for Package kader

Last updated on 2025-02-19 09:50:52 CET.

Flavor Version Tinstall Tcheck Ttotal Status Flags
r-devel-linux-x86_64-debian-clang 0.0.8 2.44 30.75 33.19 OK
r-devel-linux-x86_64-debian-gcc 0.0.8 1.81 23.28 25.09 OK
r-devel-linux-x86_64-fedora-clang 0.0.8 53.07 OK
r-devel-linux-x86_64-fedora-gcc 0.0.8 53.88 OK
r-devel-macos-arm64 0.0.8 20.00 OK
r-devel-macos-x86_64 0.0.8 38.00 OK
r-devel-windows-x86_64 0.0.8 4.00 72.00 76.00 OK
r-patched-linux-x86_64 0.0.8 2.89 29.90 32.79 NOTE
r-release-linux-x86_64 0.0.8 2.19 29.30 31.49 NOTE
r-release-macos-arm64 0.0.8 20.00 NOTE
r-release-macos-x86_64 0.0.8 42.00 NOTE
r-release-windows-x86_64 0.0.8 4.00 69.00 73.00 NOTE
r-oldrel-macos-arm64 0.0.8 22.00 NOTE
r-oldrel-macos-x86_64 0.0.8 33.00 NOTE
r-oldrel-windows-x86_64 0.0.8 3.00 74.00 77.00 NOTE

Check Details

Version: 0.0.8
Check: LazyData
Result: NOTE 'LazyData' is specified without a 'data' directory Flavors: r-patched-linux-x86_64, r-release-linux-x86_64, r-release-macos-arm64, r-release-macos-x86_64, r-release-windows-x86_64, r-oldrel-macos-arm64, r-oldrel-macos-x86_64, r-oldrel-windows-x86_64