Last updated on 2025-02-16 09:50:42 CET.
Flavor | Version | Tinstall | Tcheck | Ttotal | Status | Flags |
---|---|---|---|---|---|---|
r-devel-linux-x86_64-debian-clang | 1.0.2 | 3.79 | 34.01 | 37.80 | NOTE | |
r-devel-linux-x86_64-debian-gcc | 1.0.2 | 2.54 | 25.34 | 27.88 | NOTE | |
r-devel-linux-x86_64-fedora-clang | 1.0.2 | 62.62 | NOTE | |||
r-devel-linux-x86_64-fedora-gcc | 1.0.2 | 69.75 | NOTE | |||
r-devel-macos-arm64 | 1.0.2 | 28.00 | OK | |||
r-devel-macos-x86_64 | 1.0.2 | 51.00 | NOTE | |||
r-devel-windows-x86_64 | 1.0.2 | 5.00 | 53.00 | 58.00 | NOTE | |
r-patched-linux-x86_64 | 1.0.2 | 3.50 | 31.10 | 34.60 | OK | |
r-release-linux-x86_64 | 1.0.2 | 3.35 | 31.42 | 34.77 | OK | |
r-release-macos-arm64 | 1.0.2 | 28.00 | OK | |||
r-release-macos-x86_64 | 1.0.2 | 40.00 | OK | |||
r-release-windows-x86_64 | 1.0.2 | 6.00 | 53.00 | 59.00 | OK | |
r-oldrel-macos-arm64 | 1.0.2 | 27.00 | OK | |||
r-oldrel-macos-x86_64 | 1.0.2 | 41.00 | OK | |||
r-oldrel-windows-x86_64 | 1.0.2 | 6.00 | 60.00 | 66.00 | OK |
Version: 1.0.2
Check: DESCRIPTION meta-information
Result: NOTE
Missing dependency on R >= 4.1.0 because package code uses the pipe
|> or function shorthand \(...) syntax added in R 4.1.0.
File(s) using such syntax:
‘just.install.R’
Flavors: r-devel-linux-x86_64-debian-clang, r-devel-linux-x86_64-debian-gcc, r-devel-linux-x86_64-fedora-clang, r-devel-linux-x86_64-fedora-gcc, r-devel-macos-x86_64, r-devel-windows-x86_64