Last updated on 2025-02-19 09:50:52 CET.
Flavor | Version | Tinstall | Tcheck | Ttotal | Status | Flags |
---|---|---|---|---|---|---|
r-devel-linux-x86_64-debian-clang | 0.1.3 | 1.59 | 16.69 | 18.28 | OK | |
r-devel-linux-x86_64-debian-gcc | 0.1.3 | 1.28 | 13.79 | 15.07 | OK | |
r-devel-linux-x86_64-fedora-clang | 0.1.3 | 28.52 | OK | |||
r-devel-linux-x86_64-fedora-gcc | 0.1.3 | 27.73 | OK | |||
r-devel-macos-arm64 | 0.1.3 | 16.00 | OK | |||
r-devel-macos-x86_64 | 0.1.3 | 24.00 | OK | |||
r-devel-windows-x86_64 | 0.1.3 | 2.00 | 53.00 | 55.00 | OK | |
r-patched-linux-x86_64 | 0.1.3 | 1.52 | 16.62 | 18.14 | NOTE | |
r-release-linux-x86_64 | 0.1.3 | 1.41 | 16.16 | 17.57 | NOTE | |
r-release-macos-arm64 | 0.1.3 | 16.00 | NOTE | |||
r-release-macos-x86_64 | 0.1.3 | 20.00 | NOTE | |||
r-release-windows-x86_64 | 0.1.3 | 2.00 | 44.00 | 46.00 | NOTE | |
r-oldrel-macos-arm64 | 0.1.3 | 16.00 | NOTE | |||
r-oldrel-macos-x86_64 | 0.1.3 | 20.00 | NOTE | |||
r-oldrel-windows-x86_64 | 0.1.3 | 3.00 | 41.00 | 44.00 | NOTE |
Version: 0.1.3
Check: LazyData
Result: NOTE
'LazyData' is specified without a 'data' directory
Flavors: r-patched-linux-x86_64, r-release-linux-x86_64, r-release-macos-arm64, r-release-macos-x86_64, r-release-windows-x86_64, r-oldrel-macos-arm64, r-oldrel-macos-x86_64, r-oldrel-windows-x86_64