CRAN Package Check Results for Package joinet

Last updated on 2025-02-19 09:50:52 CET.

Flavor Version Tinstall Tcheck Ttotal Status Flags
r-devel-linux-x86_64-debian-clang 1.0.0 2.68 57.09 59.77 OK
r-devel-linux-x86_64-debian-gcc 1.0.0 1.92 41.41 43.33 OK
r-devel-linux-x86_64-fedora-clang 1.0.0 97.50 OK
r-devel-linux-x86_64-fedora-gcc 1.0.0 111.04 OK
r-devel-macos-arm64 1.0.0 47.00 OK
r-devel-macos-x86_64 1.0.0 87.00 OK
r-devel-windows-x86_64 1.0.0 4.00 79.00 83.00 OK
r-patched-linux-x86_64 1.0.0 2.60 55.76 58.36 NOTE
r-release-linux-x86_64 1.0.0 2.18 55.00 57.18 NOTE
r-release-macos-arm64 1.0.0 48.00 NOTE
r-release-macos-x86_64 1.0.0 80.00 NOTE
r-release-windows-x86_64 1.0.0 3.00 75.00 78.00 NOTE
r-oldrel-macos-arm64 1.0.0 59.00 NOTE
r-oldrel-macos-x86_64 1.0.0 111.00 NOTE
r-oldrel-windows-x86_64 1.0.0 5.00 108.00 113.00 NOTE

Check Details

Version: 1.0.0
Check: package dependencies
Result: NOTE Package suggested but not available for checking: ‘remMap’ Flavors: r-patched-linux-x86_64, r-release-linux-x86_64, r-release-macos-arm64, r-release-macos-x86_64, r-release-windows-x86_64, r-oldrel-macos-arm64, r-oldrel-macos-x86_64, r-oldrel-windows-x86_64